CRAN Package Check Results for Package LinRegInteractive

Last updated on 2021-09-21 06:48:32 CEST.

Flavor Version Tinstall Tcheck Ttotal Status Flags
r-devel-linux-x86_64-debian-clang 0.3-3 4.80 50.13 54.93 OK
r-devel-linux-x86_64-debian-gcc 0.3-3 3.94 39.29 43.23 OK
r-devel-linux-x86_64-fedora-clang 0.3-3 77.67 OK
r-devel-linux-x86_64-fedora-gcc 0.3-3 70.16 OK
r-devel-windows-x86_64 0.3-3 8.00 52.00 60.00 OK
r-devel-windows-x86_64-gcc10-UCRT 0.3-3 ERROR
r-patched-linux-x86_64 0.3-3 6.94 49.44 56.38 OK
r-patched-solaris-x86 0.3-3 83.00 OK
r-release-linux-x86_64 0.3-3 5.17 49.79 54.96 OK
r-release-macos-arm64 0.3-3 OK
r-release-macos-x86_64 0.3-3 OK
r-release-windows-ix86+x86_64 0.3-3 9.00 70.00 79.00 OK
r-oldrel-macos-x86_64 0.3-3 OK
r-oldrel-windows-ix86+x86_64 0.3-3 8.00 79.00 87.00 OK

Check Details

Version: 0.3-3
Check: whether package can be installed
Result: WARN
    Found the following significant warnings:
     WARNING: installation-time patches will not be applied, could not get the patches index
Flavor: r-devel-windows-x86_64-gcc10-UCRT

Version: 0.3-3
Check: PDF version of manual
Result: WARN
    LaTeX errors when creating PDF version.
    This typically indicates Rd problems.
Flavor: r-devel-windows-x86_64-gcc10-UCRT

Version: 0.3-3
Check: PDF version of manual without hyperrefs or index
Result: ERROR
    Re-running with no redirection of stdout/stderr.
Flavor: r-devel-windows-x86_64-gcc10-UCRT