CRAN Package Check Results for Package MALDIrppa

Last updated on 2021-10-27 04:00:15 CEST.

Flavor Version Tinstall Tcheck Ttotal Status Flags
r-devel-linux-x86_64-debian-clang 1.0.5-1 38.13 117.62 155.75 OK
r-devel-linux-x86_64-debian-gcc 1.0.5-1 31.37 93.48 124.85 OK
r-devel-linux-x86_64-fedora-clang 1.0.5-1 212.09 NOTE
r-devel-linux-x86_64-fedora-gcc 1.0.5-1 203.66 OK
r-devel-windows-x86_64 1.0.5-1 59.00 168.00 227.00 OK
r-devel-windows-x86_64-gcc10-UCRT 1.0.5-1 OK
r-patched-linux-x86_64 1.0.5-1 39.33 113.19 152.52 OK
r-patched-solaris-x86 1.0.5-1 258.40 OK
r-release-linux-x86_64 1.0.5-1 35.69 113.20 148.89 OK
r-release-macos-arm64 1.0.5-1 NOTE
r-release-macos-x86_64 1.0.5-1 NOTE
r-release-windows-ix86+x86_64 1.0.5-1 119.00 190.00 309.00 OK
r-oldrel-macos-x86_64 1.0.5-1 NOTE
r-oldrel-windows-ix86+x86_64 1.0.5-1 112.00 184.00 296.00 OK

Additional issues

donttest M1mac M1mac

Check Details

Version: 1.0.5-1
Check: installed package size
Result: NOTE
     installed size is 5.4Mb
     sub-directories of 1Mb or more:
     include 1.1Mb
     libs 2.5Mb
Flavors: r-devel-linux-x86_64-fedora-clang, r-release-macos-arm64, r-release-macos-x86_64, r-oldrel-macos-x86_64