CRAN Package Check Results for Package MBSP

Last updated on 2021-09-20 07:50:44 CEST.

Flavor Version Tinstall Tcheck Ttotal Status Flags
r-devel-linux-x86_64-debian-clang 1.0 8.47 83.07 91.54 OK
r-devel-linux-x86_64-debian-gcc 1.0 7.00 62.47 69.47 OK
r-devel-linux-x86_64-fedora-clang 1.0 117.00 OK
r-devel-linux-x86_64-fedora-gcc 1.0 108.43 OK
r-devel-windows-x86_64 1.0 10.00 77.00 87.00 OK
r-devel-windows-x86_64-gcc10-UCRT 1.0 ERROR
r-patched-linux-x86_64 1.0 8.64 79.62 88.26 OK
r-patched-solaris-x86 1.0 159.40 OK
r-release-linux-x86_64 1.0 8.32 79.54 87.86 OK
r-release-macos-arm64 1.0 OK
r-release-macos-x86_64 1.0 OK
r-release-windows-ix86+x86_64 1.0 19.00 98.00 117.00 OK
r-oldrel-macos-x86_64 1.0 OK
r-oldrel-windows-ix86+x86_64 1.0 21.00 71.00 92.00 OK

Check Details

Version: 1.0
Check: whether package can be installed
Result: WARN
    Found the following significant warnings:
     WARNING: installation-time patches will not be applied, could not get the patches index
Flavor: r-devel-windows-x86_64-gcc10-UCRT

Version: 1.0
Check: PDF version of manual
Result: WARN
    LaTeX errors when creating PDF version.
    This typically indicates Rd problems.
Flavor: r-devel-windows-x86_64-gcc10-UCRT

Version: 1.0
Check: PDF version of manual without hyperrefs or index
Result: ERROR
    Re-running with no redirection of stdout/stderr.
Flavor: r-devel-windows-x86_64-gcc10-UCRT