CRAN Package Check Results for Package MCPModPack

Last updated on 2021-09-28 06:48:29 CEST.

Flavor Version Tinstall Tcheck Ttotal Status Flags
r-devel-linux-x86_64-debian-clang 0.4 44.98 69.25 114.23 OK
r-devel-linux-x86_64-debian-gcc 0.4 39.80 51.53 91.33 OK
r-devel-linux-x86_64-fedora-clang 0.4 159.22 OK
r-devel-linux-x86_64-fedora-gcc 0.4 143.80 OK
r-devel-windows-x86_64 0.4 39.00 73.00 112.00 OK
r-devel-windows-x86_64-gcc10-UCRT 0.4 OK
r-patched-linux-x86_64 0.4 39.76 67.04 106.80 OK
r-patched-solaris-x86 0.4 160.70 OK
r-release-linux-x86_64 0.4 39.86 66.93 106.79 OK
r-release-macos-arm64 0.4 NOTE
r-release-macos-x86_64 0.4 NOTE
r-release-windows-ix86+x86_64 0.4 100.00 135.00 235.00 OK
r-oldrel-macos-x86_64 0.4 NOTE
r-oldrel-windows-ix86+x86_64 0.4 74.00 103.00 177.00 OK

Check Details

Version: 0.4
Check: installed package size
Result: NOTE
     installed size is 6.6Mb
     sub-directories of 1Mb or more:
     libs 6.1Mb
Flavors: r-release-macos-arm64, r-release-macos-x86_64, r-oldrel-macos-x86_64