CRAN Package Check Results for Package MESS

Last updated on 2022-08-16 02:51:42 CEST.

Flavor Version Tinstall Tcheck Ttotal Status Flags
r-devel-linux-x86_64-debian-clang 0.5.9 238.01 150.42 388.43 OK
r-devel-linux-x86_64-debian-gcc 0.5.9 190.13 111.94 302.07 OK
r-devel-linux-x86_64-fedora-clang 0.5.9 566.97 OK
r-devel-linux-x86_64-fedora-gcc 0.5.9 511.88 OK
r-devel-windows-x86_64 0.5.9 204.00 212.00 416.00 OK
r-patched-linux-x86_64 0.5.9 212.67 140.43 353.10 OK
r-release-linux-x86_64 0.5.9 197.04 140.32 337.36 OK
r-release-macos-arm64 0.5.9 119.00 NOTE
r-release-macos-x86_64 0.5.9 164.00 NOTE
r-release-windows-x86_64 0.5.9 199.00 210.00 409.00 OK
r-oldrel-macos-arm64 0.5.9 110.00 NOTE
r-oldrel-macos-x86_64 0.5.9 155.00 NOTE
r-oldrel-windows-ix86+x86_64 0.5.9 603.00 260.00 863.00 NOTE

Check Details

Version: 0.5.9
Check: installed package size
Result: NOTE
     installed size is 9.1Mb
     sub-directories of 1Mb or more:
     data 2.7Mb
     libs 5.9Mb
Flavors: r-release-macos-arm64, r-release-macos-x86_64, r-oldrel-macos-arm64, r-oldrel-macos-x86_64, r-oldrel-windows-ix86+x86_64