CRAN Package Check Results for Package MIICD

Last updated on 2021-09-21 06:48:34 CEST.

Flavor Version Tinstall Tcheck Ttotal Status Flags
r-devel-linux-x86_64-debian-clang 2.4 9.63 76.65 86.28 OK
r-devel-linux-x86_64-debian-gcc 2.4 8.14 56.84 64.98 OK
r-devel-linux-x86_64-fedora-clang 2.4 110.01 NOTE
r-devel-linux-x86_64-fedora-gcc 2.4 97.12 OK
r-devel-windows-x86_64 2.4 10.00 66.00 76.00 OK
r-devel-windows-x86_64-gcc10-UCRT 2.4 ERROR
r-patched-linux-x86_64 2.4 6.04 73.07 79.11 OK
r-patched-solaris-x86 2.4 142.90 OK
r-release-linux-x86_64 2.4 7.74 72.14 79.88 OK
r-release-macos-arm64 2.4 OK
r-release-macos-x86_64 2.4 OK
r-release-windows-ix86+x86_64 2.4 20.00 93.00 113.00 OK
r-oldrel-macos-x86_64 2.4 OK
r-oldrel-windows-ix86+x86_64 2.4 21.00 66.00 87.00 OK

Check Details

Version: 2.4
Check: Rd cross-references
Result: NOTE
    Undeclared package ‘riskRegression’ in Rd xrefs
Flavor: r-devel-linux-x86_64-fedora-clang

Version: 2.4
Check: whether package can be installed
Result: WARN
    Found the following significant warnings:
     WARNING: installation-time patches will not be applied, could not get the patches index
Flavor: r-devel-windows-x86_64-gcc10-UCRT

Version: 2.4
Check: PDF version of manual
Result: WARN
    LaTeX errors when creating PDF version.
    This typically indicates Rd problems.
Flavor: r-devel-windows-x86_64-gcc10-UCRT

Version: 2.4
Check: PDF version of manual without hyperrefs or index
Result: ERROR
    Re-running with no redirection of stdout/stderr.
Flavor: r-devel-windows-x86_64-gcc10-UCRT