CRAN Package Check Results for Package MKinfer

Last updated on 2021-09-16 06:48:48 CEST.

Flavor Version Tinstall Tcheck Ttotal Status Flags
r-devel-linux-x86_64-debian-clang 0.6 9.29 127.81 137.10 OK
r-devel-linux-x86_64-debian-gcc 0.6 6.38 91.89 98.27 OK
r-devel-linux-x86_64-fedora-clang 0.6 165.58 NOTE
r-devel-linux-x86_64-fedora-gcc 0.6 154.38 OK
r-devel-windows-x86_64 0.6 12.00 139.00 151.00 OK
r-devel-windows-x86_64-gcc10-UCRT 0.6 OK
r-patched-linux-x86_64 0.6 7.45 117.38 124.83 OK
r-patched-solaris-x86 0.6 203.50 OK
r-release-linux-x86_64 0.6 8.06 117.57 125.63 OK
r-release-macos-arm64 0.6 OK
r-release-macos-x86_64 0.6 OK
r-release-windows-ix86+x86_64 0.6 18.00 147.00 165.00 OK
r-oldrel-macos-x86_64 0.6 OK
r-oldrel-windows-ix86+x86_64 0.6 15.00 146.00 161.00 OK

Check Details

Version: 0.6
Check: Rd cross-references
Result: NOTE
    Undeclared package ‘Hmisc’ in Rd xrefs
Flavor: r-devel-linux-x86_64-fedora-clang