CRAN Package Check Results for Package MLDS

Last updated on 2021-09-21 06:48:35 CEST.

Flavor Version Tinstall Tcheck Ttotal Status Flags
r-devel-linux-x86_64-debian-clang 0.4.5 3.48 59.34 62.82 OK
r-devel-linux-x86_64-debian-gcc 0.4.5 3.02 45.21 48.23 OK
r-devel-linux-x86_64-fedora-clang 0.4.5 81.33 OK
r-devel-linux-x86_64-fedora-gcc 0.4.5 70.61 OK
r-devel-windows-x86_64 0.4.5 6.00 65.00 71.00 OK
r-devel-windows-x86_64-gcc10-UCRT 0.4.5 ERROR
r-patched-linux-x86_64 0.4.5 4.29 58.69 62.98 OK
r-patched-solaris-x86 0.4.5 96.80 OK
r-release-linux-x86_64 0.4.5 3.56 58.13 61.69 OK
r-release-macos-arm64 0.4.5 OK
r-release-macos-x86_64 0.4.5 OK
r-release-windows-ix86+x86_64 0.4.5 7.00 81.00 88.00 OK
r-oldrel-macos-x86_64 0.4.5 OK
r-oldrel-windows-ix86+x86_64 0.4.5 7.00 62.00 69.00 OK

Check Details

Version: 0.4.5
Check: whether package can be installed
Result: WARN
    Found the following significant warnings:
     WARNING: installation-time patches will not be applied, could not get the patches index
Flavor: r-devel-windows-x86_64-gcc10-UCRT

Version: 0.4.5
Check: PDF version of manual
Result: WARN
    LaTeX errors when creating PDF version.
    This typically indicates Rd problems.
Flavor: r-devel-windows-x86_64-gcc10-UCRT

Version: 0.4.5
Check: PDF version of manual without hyperrefs or index
Result: ERROR
    Re-running with no redirection of stdout/stderr.
Flavor: r-devel-windows-x86_64-gcc10-UCRT