CRAN Package Check Results for Package MOEADr

Last updated on 2021-10-22 12:59:21 CEST.

Flavor Version Tinstall Tcheck Ttotal Status Flags
r-devel-linux-x86_64-debian-clang 1.1.1 4.89 168.15 173.04 NOTE
r-devel-linux-x86_64-debian-gcc 1.1.1 4.14 120.33 124.47 NOTE
r-devel-linux-x86_64-fedora-clang 1.1.1 208.74 NOTE
r-devel-linux-x86_64-fedora-gcc 1.1.1 201.10 NOTE
r-devel-windows-x86_64 1.1.1 9.00 239.00 248.00 NOTE
r-devel-windows-x86_64-gcc10-UCRT 1.1.1 NOTE
r-patched-linux-x86_64 1.1.1 5.83 145.41 151.24 NOTE
r-patched-solaris-x86 1.1.1 112.30 NOTE
r-release-linux-x86_64 1.1.1 4.45 145.72 150.17 NOTE
r-release-macos-arm64 1.1.1 NOTE
r-release-macos-x86_64 1.1.1 NOTE
r-release-windows-ix86+x86_64 1.1.1 8.00 184.00 192.00 NOTE
r-oldrel-macos-x86_64 1.1.1 OK
r-oldrel-windows-ix86+x86_64 1.1.1 10.00 186.00 196.00 OK

Check Details

Version: 1.1.1
Check: LazyData
Result: NOTE
     'LazyData' is specified without a 'data' directory
Flavors: r-devel-linux-x86_64-debian-clang, r-devel-linux-x86_64-debian-gcc, r-devel-linux-x86_64-fedora-clang, r-devel-linux-x86_64-fedora-gcc, r-devel-windows-x86_64, r-devel-windows-x86_64-gcc10-UCRT, r-patched-linux-x86_64, r-patched-solaris-x86, r-release-linux-x86_64, r-release-macos-arm64, r-release-macos-x86_64, r-release-windows-ix86+x86_64