CRAN Package Check Results for Package MSPRT

Last updated on 2022-01-18 06:52:53 CET.

Flavor Version Tinstall Tcheck Ttotal Status Flags
r-devel-linux-x86_64-debian-clang 3.0 32.08 153.64 185.72 OK
r-devel-linux-x86_64-debian-gcc 3.0 23.76 119.68 143.44 OK
r-devel-linux-x86_64-fedora-clang 3.0 221.70 NOTE
r-devel-linux-x86_64-fedora-gcc 3.0 227.80 NOTE
r-devel-windows-x86_64-new-UL 3.0 47.00 146.00 193.00 OK
r-devel-windows-x86_64-new-TK 3.0 ERROR
r-patched-linux-x86_64 3.0 31.01 146.15 177.16 OK
r-release-linux-x86_64 3.0 OK
r-release-macos-arm64 3.0 NOTE
r-release-macos-x86_64 3.0 NOTE
r-release-windows-ix86+x86_64 3.0 55.00 154.00 209.00 OK
r-oldrel-macos-x86_64 3.0 NOTE
r-oldrel-windows-ix86+x86_64 3.0 55.00 150.00 205.00 OK

Check Details

Version: 3.0
Check: dependencies in R code
Result: NOTE
    Namespaces in Imports field not imported from:
     ‘datasets’ ‘grDevices’ ‘graphics’ ‘iterators’ ‘methods’
     All declared Imports should be used.
Flavors: r-devel-linux-x86_64-fedora-clang, r-devel-linux-x86_64-fedora-gcc, r-release-macos-arm64, r-release-macos-x86_64, r-oldrel-macos-x86_64

Version: 3.0
Check: package dependencies
Result: ERROR
    Package required but not available: 'ggpubr'
    
    See section 'The DESCRIPTION file' in the 'Writing R Extensions'
    manual.
Flavor: r-devel-windows-x86_64-new-TK