CRAN Package Check Results for Package Markovchart

Last updated on 2021-09-22 06:48:34 CEST.

Flavor Version Tinstall Tcheck Ttotal Status Flags
r-devel-linux-x86_64-debian-clang 2.0.1 7.81 71.39 79.20 OK
r-devel-linux-x86_64-debian-gcc 2.0.1 6.13 52.72 58.85 OK
r-devel-linux-x86_64-fedora-clang 2.0.1 99.80 OK
r-devel-linux-x86_64-fedora-gcc 2.0.1 89.78 OK
r-devel-windows-x86_64 2.0.1 10.00 72.00 82.00 OK
r-devel-windows-x86_64-gcc10-UCRT 2.0.1 ERROR
r-patched-linux-x86_64 2.0.1 7.41 65.95 73.36 OK
r-patched-solaris-x86 2.0.1 132.80 OK
r-release-linux-x86_64 2.0.1 7.19 65.78 72.97 OK
r-release-macos-arm64 2.0.1 OK
r-release-macos-x86_64 2.0.1 OK
r-release-windows-ix86+x86_64 2.0.1 20.00 94.00 114.00 OK
r-oldrel-macos-x86_64 2.0.1 OK
r-oldrel-windows-ix86+x86_64 2.0.1 19.00 67.00 86.00 OK

Check Details

Version: 2.0.1
Check: PDF version of manual
Result: WARN
    LaTeX errors when creating PDF version.
    This typically indicates Rd problems.
Flavor: r-devel-windows-x86_64-gcc10-UCRT

Version: 2.0.1
Check: PDF version of manual without hyperrefs or index
Result: ERROR
    Re-running with no redirection of stdout/stderr.
Flavor: r-devel-windows-x86_64-gcc10-UCRT