CRAN Package Check Results for Package MatrixMixtures

Last updated on 2021-09-19 06:49:09 CEST.

Flavor Version Tinstall Tcheck Ttotal Status Flags
r-devel-linux-x86_64-debian-clang 1.0.0 3.74 26.87 30.61 OK
r-devel-linux-x86_64-debian-gcc 1.0.0 2.86 20.89 23.75 OK
r-devel-linux-x86_64-fedora-clang 1.0.0 45.86 OK
r-devel-linux-x86_64-fedora-gcc 1.0.0 34.79 OK
r-devel-windows-x86_64 1.0.0 4.00 36.00 40.00 OK
r-devel-windows-x86_64-gcc10-UCRT 1.0.0 ERROR
r-patched-linux-x86_64 1.0.0 2.84 26.39 29.23 OK
r-patched-solaris-x86 1.0.0 60.50 OK
r-release-linux-x86_64 1.0.0 3.12 26.25 29.37 OK
r-release-macos-arm64 1.0.0 OK
r-release-macos-x86_64 1.0.0 OK
r-release-windows-ix86+x86_64 1.0.0 7.00 47.00 54.00 OK
r-oldrel-macos-x86_64 1.0.0 OK
r-oldrel-windows-ix86+x86_64 1.0.0 6.00 35.00 41.00 OK

Check Details

Version: 1.0.0
Check: whether package can be installed
Result: WARN
    Found the following significant warnings:
     WARNING: installation-time patches will not be applied, could not get the patches index
Flavor: r-devel-windows-x86_64-gcc10-UCRT

Version: 1.0.0
Check: PDF version of manual
Result: WARN
    LaTeX errors when creating PDF version.
    This typically indicates Rd problems.
Flavor: r-devel-windows-x86_64-gcc10-UCRT

Version: 1.0.0
Check: PDF version of manual without hyperrefs or index
Result: ERROR
    Re-running with no redirection of stdout/stderr.
Flavor: r-devel-windows-x86_64-gcc10-UCRT