CRAN Package Check Results for Package Mcomp

Last updated on 2021-09-21 06:48:33 CEST.

Flavor Version Tinstall Tcheck Ttotal Status Flags
r-devel-linux-x86_64-debian-clang 2.8 7.98 67.64 75.62 OK
r-devel-linux-x86_64-debian-gcc 2.8 7.37 50.72 58.09 OK
r-devel-linux-x86_64-fedora-clang 2.8 97.45 OK
r-devel-linux-x86_64-fedora-gcc 2.8 85.86 OK
r-devel-windows-x86_64 2.8 9.00 67.00 76.00 OK
r-devel-windows-x86_64-gcc10-UCRT 2.8 ERROR
r-patched-linux-x86_64 2.8 7.79 63.02 70.81 OK
r-patched-solaris-x86 2.8 127.90 OK
r-release-linux-x86_64 2.8 7.69 62.70 70.39 OK
r-release-macos-arm64 2.8 OK
r-release-macos-x86_64 2.8 OK
r-release-windows-ix86+x86_64 2.8 20.00 86.00 106.00 OK
r-oldrel-macos-x86_64 2.8 OK
r-oldrel-windows-ix86+x86_64 2.8 20.00 65.00 85.00 OK

Check Details

Version: 2.8
Check: whether package can be installed
Result: WARN
    Found the following significant warnings:
     WARNING: installation-time patches will not be applied, could not get the patches index
Flavor: r-devel-windows-x86_64-gcc10-UCRT

Version: 2.8
Check: PDF version of manual
Result: WARN
    LaTeX errors when creating PDF version.
    This typically indicates Rd problems.
Flavor: r-devel-windows-x86_64-gcc10-UCRT

Version: 2.8
Check: PDF version of manual without hyperrefs or index
Result: ERROR
    Re-running with no redirection of stdout/stderr.
Flavor: r-devel-windows-x86_64-gcc10-UCRT