CRAN Package Check Results for Package Mercator

Last updated on 2021-10-21 11:53:07 CEST.

Flavor Version Tinstall Tcheck Ttotal Status Flags
r-devel-linux-x86_64-debian-clang 1.1.1 21.52 292.71 314.23 OK
r-devel-linux-x86_64-debian-gcc 1.1.1 19.25 225.66 244.91 OK
r-devel-linux-x86_64-fedora-clang 1.1.1 390.62 OK
r-devel-linux-x86_64-fedora-gcc 1.1.1 375.92 OK
r-devel-windows-x86_64 1.1.1 38.00 391.00 429.00 OK
r-devel-windows-x86_64-gcc10-UCRT 1.1.1 ERROR
r-patched-linux-x86_64 1.1.1 27.58 292.12 319.70 OK
r-patched-solaris-x86 1.1.1 585.90 OK
r-release-linux-x86_64 1.1.1 19.53 292.28 311.81 OK
r-release-macos-arm64 1.1.1 OK
r-release-macos-x86_64 1.1.1 OK
r-release-windows-ix86+x86_64 1.1.1 54.00 377.00 431.00 OK
r-oldrel-macos-x86_64 1.1.1 OK
r-oldrel-windows-ix86+x86_64 1.1.1 52.00 393.00 445.00 OK

Check Details

Version: 1.1.1
Check: package dependencies
Result: ERROR
    Package required but not available: 'igraph'
    
    See section 'The DESCRIPTION file' in the 'Writing R Extensions'
    manual.
Flavor: r-devel-windows-x86_64-gcc10-UCRT