CRAN Package Check Results for Package MetaheuristicFPA

Last updated on 2023-06-01 02:53:53 CEST.

Flavor Version Tinstall Tcheck Ttotal Status Flags
r-devel-linux-x86_64-debian-clang 1.0 32.26 26.28 58.54 OK
r-devel-linux-x86_64-debian-gcc 1.0 25.44 20.48 45.92 OK
r-devel-linux-x86_64-fedora-clang 1.0 86.78 NOTE
r-devel-linux-x86_64-fedora-gcc 1.0 90.26 NOTE
r-devel-windows-x86_64 1.0 26.00 63.00 89.00 OK
r-patched-linux-x86_64 1.0 OK
r-release-linux-x86_64 1.0 28.04 25.29 53.33 OK
r-release-macos-arm64 1.0 28.00 OK
r-release-macos-x86_64 1.0 42.00 OK
r-release-windows-x86_64 1.0 35.00 67.00 102.00 OK
r-oldrel-macos-arm64 1.0 29.00 OK
r-oldrel-macos-x86_64 1.0 31.00 OK
r-oldrel-windows-x86_64 1.0 33.00 67.00 100.00 OK

Check Details

Version: 1.0
Check: compiled code
Result: NOTE
    File ‘MetaheuristicFPA/libs/MetaheuristicFPA.so’:
     Found no calls to: ‘R_registerRoutines’, ‘R_useDynamicSymbols’
    
    It is good practice to register native routines and to disable symbol
    search.
    
    See ‘Writing portable packages’ in the ‘Writing R Extensions’ manual.
Flavors: r-devel-linux-x86_64-fedora-clang, r-devel-linux-x86_64-fedora-gcc