CRAN Package Check Results for Package MolgenisAuth

Last updated on 2021-09-18 09:53:30 CEST.

Flavor Version Tinstall Tcheck Ttotal Status Flags
r-devel-linux-x86_64-debian-clang 0.0.14 2.68 29.51 32.19 NOTE
r-devel-linux-x86_64-debian-gcc 0.0.14 2.14 23.33 25.47 NOTE
r-devel-linux-x86_64-fedora-clang 0.0.14 47.90 NOTE
r-devel-linux-x86_64-fedora-gcc 0.0.14 47.02 NOTE
r-devel-windows-x86_64 0.0.14 4.00 39.00 43.00 NOTE
r-devel-windows-x86_64-gcc10-UCRT 0.0.14 NOTE
r-patched-linux-x86_64 0.0.14 6.16 28.75 34.91 NOTE
r-patched-solaris-x86 0.0.14 60.30 NOTE
r-release-linux-x86_64 0.0.14 2.64 29.06 31.70 NOTE
r-release-macos-arm64 0.0.14 NOTE
r-release-macos-x86_64 0.0.14 NOTE
r-release-windows-ix86+x86_64 0.0.14 8.00 48.00 56.00 NOTE
r-oldrel-macos-x86_64 0.0.14 OK
r-oldrel-windows-ix86+x86_64 0.0.14 6.00 35.00 41.00 OK

Check Details

Version: 0.0.14
Check: LazyData
Result: NOTE
     'LazyData' is specified without a 'data' directory
Flavors: r-devel-linux-x86_64-debian-clang, r-devel-linux-x86_64-debian-gcc, r-devel-linux-x86_64-fedora-clang, r-devel-linux-x86_64-fedora-gcc, r-devel-windows-x86_64, r-devel-windows-x86_64-gcc10-UCRT, r-patched-linux-x86_64, r-patched-solaris-x86, r-release-linux-x86_64, r-release-macos-arm64, r-release-macos-x86_64, r-release-windows-ix86+x86_64