CRAN Package Check Results for Package MomTrunc

Last updated on 2021-09-17 06:48:50 CEST.

Flavor Version Tinstall Tcheck Ttotal Status Flags
r-devel-linux-x86_64-debian-clang 5.97 72.80 84.38 157.18 OK
r-devel-linux-x86_64-debian-gcc 5.97 51.57 61.54 113.11 OK
r-devel-linux-x86_64-fedora-clang 5.97 214.90 NOTE
r-devel-linux-x86_64-fedora-gcc 5.97 192.96 OK
r-devel-windows-x86_64 5.97 71.00 117.00 188.00 OK
r-devel-windows-x86_64-gcc10-UCRT 5.97 OK
r-patched-linux-x86_64 5.97 60.02 79.04 139.06 OK
r-patched-solaris-x86 5.97 199.50 OK
r-release-linux-x86_64 5.97 64.98 79.55 144.53 OK
r-release-macos-arm64 5.97 NOTE
r-release-macos-x86_64 5.97 NOTE
r-release-windows-ix86+x86_64 5.97 152.00 128.00 280.00 OK
r-oldrel-macos-x86_64 5.97 NOTE
r-oldrel-windows-ix86+x86_64 5.97 106.00 131.00 237.00 OK

Check Details

Version: 5.97
Check: installed package size
Result: NOTE
     installed size is 6.1Mb
     sub-directories of 1Mb or more:
     libs 5.5Mb
Flavors: r-devel-linux-x86_64-fedora-clang, r-release-macos-arm64, r-release-macos-x86_64, r-oldrel-macos-x86_64