Last updated on 2023-06-01 02:53:54 CEST.
Flavor | Version | Tinstall | Tcheck | Ttotal | Status | Flags |
---|---|---|---|---|---|---|
r-devel-linux-x86_64-debian-clang | 0.8 | 71.24 | 337.69 | 408.93 | OK | |
r-devel-linux-x86_64-debian-gcc | 0.8 | 55.73 | 252.20 | 307.93 | OK | |
r-devel-linux-x86_64-fedora-clang | 0.8.1 | 514.42 | NOTE | |||
r-devel-linux-x86_64-fedora-gcc | 0.8.1 | 287.02 | OK | |||
r-devel-windows-x86_64 | 0.8 | 54.00 | 237.00 | 291.00 | NOTE | |
r-patched-linux-x86_64 | 0.8 | OK | ||||
r-release-linux-x86_64 | 0.8 | 50.97 | 322.31 | 373.28 | OK | |
r-release-macos-arm64 | 0.8.1 | 122.00 | NOTE | |||
r-release-macos-x86_64 | 0.7.1 | 268.00 | NOTE | |||
r-release-windows-x86_64 | 0.8 | 74.00 | 330.00 | 404.00 | NOTE | |
r-oldrel-macos-arm64 | 0.8.1 | 135.00 | NOTE | |||
r-oldrel-macos-x86_64 | 0.8 | 159.00 | NOTE | |||
r-oldrel-windows-x86_64 | 0.8 | 73.00 | 315.00 | 388.00 | NOTE |
Version: 0.8.1
Check: installed package size
Result: NOTE
installed size is 5.3Mb
sub-directories of 1Mb or more:
doc 2.7Mb
help 2.2Mb
Flavors: r-devel-linux-x86_64-fedora-clang, r-release-macos-arm64, r-oldrel-macos-arm64
Version: 0.8
Check: installed package size
Result: NOTE
installed size is 6.1Mb
sub-directories of 1Mb or more:
doc 2.6Mb
help 2.2Mb
libs 1.1Mb
Flavors: r-devel-windows-x86_64, r-release-windows-x86_64, r-oldrel-macos-x86_64, r-oldrel-windows-x86_64
Version: 0.7.1
Check: installed package size
Result: NOTE
installed size is 8.3Mb
sub-directories of 1Mb or more:
doc 3.4Mb
help 2.8Mb
libs 1.9Mb
Flavor: r-release-macos-x86_64