CRAN Package Check Results for Package NADA

Last updated on 2021-09-21 06:48:37 CEST.

Flavor Version Tinstall Tcheck Ttotal Status Flags
r-devel-linux-x86_64-debian-clang 1.6-1.1 11.09 87.45 98.54 OK
r-devel-linux-x86_64-debian-gcc 1.6-1.1 10.25 67.55 77.80 OK
r-devel-linux-x86_64-fedora-clang 1.6-1.1 127.35 OK
r-devel-linux-x86_64-fedora-gcc 1.6-1.1 118.15 OK
r-devel-windows-x86_64 1.6-1.1 15.00 88.00 103.00 OK
r-devel-windows-x86_64-gcc10-UCRT 1.6-1.1 ERROR
r-patched-linux-x86_64 1.6-1.1 12.48 85.23 97.71 OK
r-patched-solaris-x86 1.6-1.1 168.20 OK
r-release-linux-x86_64 1.6-1.1 10.82 84.66 95.48 OK
r-release-macos-arm64 1.6-1.1 OK
r-release-macos-x86_64 1.6-1.1 OK
r-release-windows-ix86+x86_64 1.6-1.1 26.00 117.00 143.00 OK
r-oldrel-macos-x86_64 1.6-1.1 OK
r-oldrel-windows-ix86+x86_64 1.6-1.1 26.00 88.00 114.00 OK

Check Details

Version: 1.6-1.1
Check: whether package can be installed
Result: WARN
    Found the following significant warnings:
     WARNING: installation-time patches will not be applied, could not get the patches index
Flavor: r-devel-windows-x86_64-gcc10-UCRT

Version: 1.6-1.1
Check: PDF version of manual
Result: WARN
    LaTeX errors when creating PDF version.
    This typically indicates Rd problems.
Flavor: r-devel-windows-x86_64-gcc10-UCRT

Version: 1.6-1.1
Check: PDF version of manual without hyperrefs or index
Result: ERROR
    Re-running with no redirection of stdout/stderr.
Flavor: r-devel-windows-x86_64-gcc10-UCRT