CRAN Package Check Results for Package NEff

Last updated on 2021-11-27 08:50:43 CET.

Flavor Version Tinstall Tcheck Ttotal Status Flags
r-devel-linux-x86_64-debian-clang 1.1 NOTE
r-devel-linux-x86_64-debian-gcc 1.1 6.46 50.93 57.39 NOTE
r-devel-linux-x86_64-fedora-clang 1.1 100.15 NOTE
r-devel-linux-x86_64-fedora-gcc 1.1 89.12 NOTE
r-devel-windows-x86_64-new-UL 1.1 12.00 111.00 123.00 NOTE
r-devel-windows-x86_64-new-TK 1.1 NOTE
r-devel-windows-x86_64-old 1.1 8.00 91.00 99.00 NOTE
r-patched-linux-x86_64 1.1 7.33 64.51 71.84 NOTE
r-patched-solaris-x86 1.1 129.50 NOTE
r-release-linux-x86_64 1.1 NOTE
r-release-macos-arm64 1.1 NOTE
r-release-macos-x86_64 1.1 NOTE
r-release-windows-ix86+x86_64 1.1 16.00 64.00 80.00 NOTE
r-oldrel-macos-x86_64 1.1 NOTE
r-oldrel-windows-ix86+x86_64 1.1 13.00 86.00 99.00 NOTE

Check Details

Version: 1.1
Check: R code for possible problems
Result: NOTE
    population: no visible global function definition for 'weighted.mean'
    population: no visible global function definition for 'rpois'
    population: no visible global function definition for 'lm'
    population: no visible global function definition for 'coefficients'
    population: no visible global function definition for 'sd'
    population: no visible global function definition for 'par'
    population: no visible global function definition for 'lines'
    Undefined global functions or variables:
     coefficients lines lm par rpois sd weighted.mean
    Consider adding
     importFrom("graphics", "lines", "par")
     importFrom("stats", "coefficients", "lm", "rpois", "sd",
     "weighted.mean")
    to your NAMESPACE file.
Flavors: r-devel-linux-x86_64-debian-clang, r-devel-linux-x86_64-debian-gcc, r-devel-linux-x86_64-fedora-clang, r-devel-linux-x86_64-fedora-gcc, r-devel-windows-x86_64-new-UL, r-devel-windows-x86_64-new-TK, r-devel-windows-x86_64-old, r-patched-linux-x86_64, r-patched-solaris-x86, r-release-linux-x86_64, r-release-macos-arm64, r-release-macos-x86_64, r-release-windows-ix86+x86_64, r-oldrel-macos-x86_64, r-oldrel-windows-ix86+x86_64