CRAN Package Check Results for Package NIMAA

Last updated on 2021-11-27 06:50:35 CET.

Flavor Version Tinstall Tcheck Ttotal Status Flags
r-devel-linux-x86_64-debian-clang 0.1.0 OK
r-devel-linux-x86_64-debian-gcc 0.1.0 17.93 212.39 230.32 OK
r-devel-linux-x86_64-fedora-clang 0.1.0 407.47 NOTE
r-devel-linux-x86_64-fedora-gcc 0.1.0 412.13 NOTE
r-devel-windows-x86_64-new-UL 0.1.0 39.00 365.00 404.00 OK
r-devel-windows-x86_64-new-TK 0.1.0 NOTE
r-devel-windows-x86_64-old 0.1.0 30.00 298.00 328.00 OK
r-patched-linux-x86_64 0.1.0 25.69 282.68 308.37 OK
r-patched-solaris-x86 0.1.0 429.00 NOTE
r-release-linux-x86_64 0.1.0 OK
r-release-macos-arm64 0.1.0 NOTE
r-release-macos-x86_64 0.1.0 NOTE
r-release-windows-ix86+x86_64 0.1.0 50.00 343.00 393.00 OK
r-oldrel-macos-x86_64 0.1.0 NOTE
r-oldrel-windows-ix86+x86_64 0.1.0 53.00 345.00 398.00 OK

Check Details

Version: 0.1.0
Check: data for non-ASCII characters
Result: NOTE
     Note: found 24 marked UTF-8 strings
Flavors: r-devel-linux-x86_64-fedora-clang, r-devel-linux-x86_64-fedora-gcc, r-devel-windows-x86_64-new-TK, r-patched-solaris-x86, r-release-macos-arm64, r-release-macos-x86_64, r-oldrel-macos-x86_64