CRAN Package Check Results for Package OBASpatial

Last updated on 2021-09-22 06:48:38 CEST.

Flavor Version Tinstall Tcheck Ttotal Status Flags
r-devel-linux-x86_64-debian-clang 1.8 9.33 79.64 88.97 OK
r-devel-linux-x86_64-debian-gcc 1.8 7.84 60.50 68.34 OK
r-devel-linux-x86_64-fedora-clang 1.8 115.10 OK
r-devel-linux-x86_64-fedora-gcc 1.8 102.34 OK
r-devel-windows-x86_64 1.8 10.00 76.00 86.00 OK
r-devel-windows-x86_64-gcc10-UCRT 1.8 ERROR
r-patched-linux-x86_64 1.8 9.26 76.39 85.65 OK
r-patched-solaris-x86 1.8 141.80 OK
r-release-linux-x86_64 1.8 10.62 76.57 87.19 OK
r-release-macos-arm64 1.8 OK
r-release-macos-x86_64 1.8 OK
r-release-windows-ix86+x86_64 1.8 21.00 100.00 121.00 OK
r-oldrel-macos-x86_64 1.8 OK
r-oldrel-windows-ix86+x86_64 1.8 20.00 78.00 98.00 OK

Check Details

Version: 1.8
Check: PDF version of manual
Result: WARN
    LaTeX errors when creating PDF version.
    This typically indicates Rd problems.
Flavor: r-devel-windows-x86_64-gcc10-UCRT

Version: 1.8
Check: PDF version of manual without hyperrefs or index
Result: ERROR
    Re-running with no redirection of stdout/stderr.
Flavor: r-devel-windows-x86_64-gcc10-UCRT