CRAN Package Check Results for Package OVtool

Last updated on 2021-09-22 06:48:39 CEST.

Flavor Version Tinstall Tcheck Ttotal Status Flags
r-devel-linux-x86_64-debian-clang 1.0.2 15.13 308.97 324.10 OK
r-devel-linux-x86_64-debian-gcc 1.0.2 11.83 225.17 237.00 OK
r-devel-linux-x86_64-fedora-clang 1.0.2 370.49 OK
r-devel-linux-x86_64-fedora-gcc 1.0.2 374.84 OK
r-devel-windows-x86_64 1.0.2 18.00 305.00 323.00 OK
r-devel-windows-x86_64-gcc10-UCRT 1.0.2 ERROR
r-patched-linux-x86_64 1.0.2 14.89 289.73 304.62 OK
r-patched-solaris-x86 1.0.2 259.40 OK
r-release-linux-x86_64 1.0.2 14.03 293.42 307.45 OK
r-release-macos-arm64 1.0.2 OK
r-release-macos-x86_64 1.0.2 OK
r-release-windows-ix86+x86_64 1.0.2 38.00 368.00 406.00 OK
r-oldrel-macos-x86_64 1.0.2 OK
r-oldrel-windows-ix86+x86_64 1.0.2 37.00 381.00 418.00 OK

Check Details

Version: 1.0.2
Check: package dependencies
Result: ERROR
    Packages required but not available: 'twang', 'devtools'
    
    See section 'The DESCRIPTION file' in the 'Writing R Extensions'
    manual.
Flavor: r-devel-windows-x86_64-gcc10-UCRT