CRAN Package Check Results for Package OpenImageR

Last updated on 2021-09-23 07:49:49 CEST.

Flavor Version Tinstall Tcheck Ttotal Status Flags
r-devel-linux-x86_64-debian-clang 1.2.0 60.15 101.69 161.84 OK
r-devel-linux-x86_64-debian-gcc 1.2.0 45.29 75.44 120.73 OK
r-devel-linux-x86_64-fedora-clang 1.2.0 221.29 NOTE
r-devel-linux-x86_64-fedora-gcc 1.2.0 204.09 OK
r-devel-windows-x86_64 1.2.0 55.00 115.00 170.00 OK
r-devel-windows-x86_64-gcc10-UCRT 1.2.0 ERROR
r-patched-linux-x86_64 1.2.0 57.50 95.72 153.22 OK
r-patched-solaris-x86 1.2.0 174.20 OK
r-release-linux-x86_64 1.2.0 53.61 94.35 147.96 OK
r-release-macos-arm64 1.2.0 NOTE
r-release-macos-x86_64 1.2.0 NOTE
r-release-windows-ix86+x86_64 1.2.0 121.00 168.00 289.00 NOTE
r-oldrel-macos-x86_64 1.2.0 NOTE
r-oldrel-windows-ix86+x86_64 1.2.0 98.00 149.00 247.00 NOTE

Check Details

Version: 1.2.0
Check: installed package size
Result: NOTE
     installed size is 8.0Mb
     sub-directories of 1Mb or more:
     doc 2.2Mb
     libs 5.2Mb
Flavors: r-devel-linux-x86_64-fedora-clang, r-release-macos-arm64, r-release-macos-x86_64, r-release-windows-ix86+x86_64, r-oldrel-macos-x86_64, r-oldrel-windows-ix86+x86_64

Version: 1.2.0
Check: package dependencies
Result: ERROR
    Packages required but not available: 'jpeg', 'png'
    
    See section 'The DESCRIPTION file' in the 'Writing R Extensions'
    manual.
Flavor: r-devel-windows-x86_64-gcc10-UCRT