CRAN Package Check Results for Package OptGS

Last updated on 2021-09-27 06:48:31 CEST.

Flavor Version Tinstall Tcheck Ttotal Status Flags
r-devel-linux-x86_64-debian-clang 1.1.1 8.93 29.31 38.24 OK
r-devel-linux-x86_64-debian-gcc 1.1.1 6.96 23.36 30.32 OK
r-devel-linux-x86_64-fedora-clang 1.1.1 61.16 NOTE
r-devel-linux-x86_64-fedora-gcc 1.1.1 46.87 NOTE
r-devel-windows-x86_64 1.1.1 10.00 44.00 54.00 OK
r-devel-windows-x86_64-gcc10-UCRT 1.1.1 OK
r-patched-linux-x86_64 1.1.1 8.91 28.73 37.64 OK
r-patched-solaris-x86 1.1.1 72.50 OK
r-release-linux-x86_64 1.1.1 8.41 28.55 36.96 OK
r-release-macos-arm64 1.1.1 OK
r-release-macos-x86_64 1.1.1 OK
r-release-windows-ix86+x86_64 1.1.1 23.00 73.00 96.00 OK
r-oldrel-macos-x86_64 1.1.1 OK
r-oldrel-windows-ix86+x86_64 1.1.1 20.00 67.00 87.00 OK

Check Details

Version: 1.1.1
Check: compiled code
Result: NOTE
    File ‘OptGS/libs/OptGS.so’:
     Found no calls to: ‘R_registerRoutines’, ‘R_useDynamicSymbols’
    
    It is good practice to register native routines and to disable symbol
    search.
    
    See ‘Writing portable packages’ in the ‘Writing R Extensions’ manual.
Flavors: r-devel-linux-x86_64-fedora-clang, r-devel-linux-x86_64-fedora-gcc