CRAN Package Check Results for Package OptInterim

Last updated on 2021-09-19 06:49:14 CEST.

Flavor Version Tinstall Tcheck Ttotal Status Flags
r-devel-linux-x86_64-debian-clang 3.0.1 6.99 51.87 58.86 NOTE
r-devel-linux-x86_64-debian-gcc 3.0.1 6.18 39.86 46.04 NOTE
r-devel-linux-x86_64-fedora-clang 3.0.1 78.86 NOTE
r-devel-linux-x86_64-fedora-gcc 3.0.1 68.05 NOTE
r-devel-windows-x86_64 3.0.1 8.00 52.00 60.00 NOTE
r-devel-windows-x86_64-gcc10-UCRT 3.0.1 ERROR
r-patched-linux-x86_64 3.0.1 8.01 50.51 58.52 NOTE
r-patched-solaris-x86 3.0.1 90.20 NOTE
r-release-linux-x86_64 3.0.1 7.62 49.68 57.30 NOTE
r-release-macos-arm64 3.0.1 NOTE
r-release-macos-x86_64 3.0.1 NOTE
r-release-windows-ix86+x86_64 3.0.1 12.00 71.00 83.00 NOTE
r-oldrel-macos-x86_64 3.0.1 NOTE
r-oldrel-windows-ix86+x86_64 3.0.1 12.00 56.00 68.00 NOTE

Check Details

Version: 3.0.1
Check: DESCRIPTION meta-information
Result: NOTE
    Malformed Description field: should contain one or more complete sentences.
Flavors: r-devel-linux-x86_64-debian-clang, r-devel-linux-x86_64-debian-gcc, r-devel-linux-x86_64-fedora-clang, r-devel-linux-x86_64-fedora-gcc, r-devel-windows-x86_64, r-devel-windows-x86_64-gcc10-UCRT, r-patched-linux-x86_64, r-patched-solaris-x86, r-release-linux-x86_64, r-release-macos-arm64, r-release-macos-x86_64, r-release-windows-ix86+x86_64, r-oldrel-macos-x86_64, r-oldrel-windows-ix86+x86_64

Version: 3.0.1
Check: R code for possible problems
Result: NOTE
    FixDes: no visible global function definition for 'qnorm'
    OptimDes: no visible global function definition for 'optimize'
    OptimDes: no visible global function definition for 'flush.console'
    OptimDes: no visible global function definition for 'qlogis'
    OptimDes: no visible global function definition for 'optim'
    OptimDes: no visible global function definition for 'plogis'
    SimDes: no visible global function definition for 'qnorm'
    SimDes: no visible global function definition for 'pweibull'
    SimDes: no visible global function definition for 'qbinom'
    SimDes: no visible global function definition for 'pbinom'
    SimDes: no visible global function definition for 'runif'
    SimDes: no visible global function definition for 'uniroot'
    SimDes: no visible global function definition for 'rbinom'
    SimDes: no visible global function definition for 'rweibull'
    SimDes: no visible global function definition for 'fisher.test'
    f.Des: no visible global function definition for 'uniroot'
    f.Des: no visible global function definition for 'qnorm'
    f.Des: no visible global function definition for 'pnorm'
    f.DesWrap: no visible global function definition for 'plogis'
    np.OptimDes: no visible global function definition for 'optimize'
    np.OptimDes: no visible global function definition for 'qlogis'
    np.OptimDes: no visible global function definition for 'optim'
    np.OptimDes: no visible global function definition for 'plogis'
    plot.OptimDes: no visible global function definition for 'pnorm'
    powC1: no visible global function definition for 'pnorm'
    powC2: no visible global function definition for 'pnorm'
    powC2L: no visible global function definition for 'pnorm'
    print.OptimDes: no visible global function definition for 'pnorm'
    sig2: no visible global function definition for 'integrate'
    single.exact: no visible global function definition for 'qbinom'
    single.exact: no visible global function definition for 'pbinom'
    spfun: no visible global function definition for 'pnorm'
    spfun: no visible global function definition for 'qnorm'
    Undefined global functions or variables:
     fisher.test flush.console integrate optim optimize pbinom plogis
     pnorm pweibull qbinom qlogis qnorm rbinom runif rweibull uniroot
    Consider adding
     importFrom("stats", "fisher.test", "integrate", "optim", "optimize",
     "pbinom", "plogis", "pnorm", "pweibull", "qbinom", "qlogis",
     "qnorm", "rbinom", "runif", "rweibull", "uniroot")
     importFrom("utils", "flush.console")
    to your NAMESPACE file.
Flavors: r-devel-linux-x86_64-debian-clang, r-devel-linux-x86_64-debian-gcc, r-devel-linux-x86_64-fedora-clang, r-devel-linux-x86_64-fedora-gcc, r-devel-windows-x86_64, r-devel-windows-x86_64-gcc10-UCRT, r-patched-linux-x86_64, r-patched-solaris-x86, r-release-linux-x86_64, r-release-macos-arm64, r-release-macos-x86_64, r-release-windows-ix86+x86_64, r-oldrel-macos-x86_64, r-oldrel-windows-ix86+x86_64

Version: 3.0.1
Check: Rd line widths
Result: NOTE
    Rd file 'TestStage.Rd':
     \examples lines wider than 100 characters:
     object1 <- OptimDes(B.init,m.init,alpha,beta,param,x,target="EDA",sf="futility",num.arm=1,num.stage=2)
     mda <- ifelse(l>1,B.init[l-1]+(B.init[l]-B.init[l-1])*(n-sum(m.init[1:(l-1)]))/m.init[l],B.init[l]*(n/m.init[l]))
    
    Rd file 'np.OptimDes.Rd':
     \examples lines wider than 100 characters:
     object14 <- np.OptimDes(B.init,m.init,alpha,beta,param,x,pt=1.1,target="ETSL",sf="futility",num.arm=1,num.stage=2)
    
    These lines will be truncated in the PDF manual.
Flavors: r-devel-linux-x86_64-debian-clang, r-devel-linux-x86_64-debian-gcc, r-devel-linux-x86_64-fedora-clang, r-devel-linux-x86_64-fedora-gcc, r-patched-linux-x86_64, r-release-linux-x86_64

Version: 3.0.1
Check: whether package can be installed
Result: WARN
    Found the following significant warnings:
     WARNING: installation-time patches will not be applied, could not get the patches index
Flavor: r-devel-windows-x86_64-gcc10-UCRT

Version: 3.0.1
Check: PDF version of manual
Result: WARN
    LaTeX errors when creating PDF version.
    This typically indicates Rd problems.
Flavor: r-devel-windows-x86_64-gcc10-UCRT

Version: 3.0.1
Check: PDF version of manual without hyperrefs or index
Result: ERROR
    Re-running with no redirection of stdout/stderr.
Flavor: r-devel-windows-x86_64-gcc10-UCRT