CRAN Package Check Results for Package OrdFacReg

Last updated on 2021-09-20 07:50:49 CEST.

Flavor Version Tinstall Tcheck Ttotal Status Flags
r-devel-linux-x86_64-debian-clang 1.0.6 7.31 69.14 76.45 OK
r-devel-linux-x86_64-debian-gcc 1.0.6 5.98 52.86 58.84 OK
r-devel-linux-x86_64-fedora-clang 1.0.6 100.05 OK
r-devel-linux-x86_64-fedora-gcc 1.0.6 89.12 OK
r-devel-windows-x86_64 1.0.6 11.00 62.00 73.00 OK
r-devel-windows-x86_64-gcc10-UCRT 1.0.6 ERROR
r-patched-linux-x86_64 1.0.6 8.99 67.99 76.98 OK
r-patched-solaris-x86 1.0.6 138.30 OK
r-release-linux-x86_64 1.0.6 7.06 66.60 73.66 OK
r-release-macos-arm64 1.0.6 OK
r-release-macos-x86_64 1.0.6 OK
r-release-windows-ix86+x86_64 1.0.6 18.00 87.00 105.00 OK
r-oldrel-macos-x86_64 1.0.6 OK
r-oldrel-windows-ix86+x86_64 1.0.6 17.00 63.00 80.00 OK

Check Details

Version: 1.0.6
Check: whether package can be installed
Result: WARN
    Found the following significant warnings:
     WARNING: installation-time patches will not be applied, could not get the patches index
Flavor: r-devel-windows-x86_64-gcc10-UCRT

Version: 1.0.6
Check: PDF version of manual
Result: WARN
    LaTeX errors when creating PDF version.
    This typically indicates Rd problems.
Flavor: r-devel-windows-x86_64-gcc10-UCRT

Version: 1.0.6
Check: PDF version of manual without hyperrefs or index
Result: ERROR
    Re-running with no redirection of stdout/stderr.
Flavor: r-devel-windows-x86_64-gcc10-UCRT