CRAN Package Check Results for Package OrthoPanels

Last updated on 2021-09-20 07:50:49 CEST.

Flavor Version Tinstall Tcheck Ttotal Status Flags
r-devel-linux-x86_64-debian-clang 1.1-4 2.99 399.59 402.58 OK
r-devel-linux-x86_64-debian-gcc 1.1-4 2.31 245.69 248.00 OK
r-devel-linux-x86_64-fedora-clang 1.1-4 434.29 OK
r-devel-linux-x86_64-fedora-gcc 1.1-4 435.83 OK
r-devel-windows-x86_64 1.1-4 7.00 302.00 309.00 OK
r-devel-windows-x86_64-gcc10-UCRT 1.1-4 ERROR
r-patched-linux-x86_64 1.1-4 2.79 370.40 373.19 OK
r-patched-solaris-x86 1.1-4 530.30 OK
r-release-linux-x86_64 1.1-4 3.06 356.29 359.35 OK
r-release-macos-arm64 1.1-4 OK
r-release-macos-x86_64 1.1-4 OK
r-release-windows-ix86+x86_64 1.1-4 7.00 432.00 439.00 OK
r-oldrel-macos-x86_64 1.1-4 OK
r-oldrel-windows-ix86+x86_64 1.1-4 6.00 435.00 441.00 OK

Check Details

Version: 1.1-4
Check: whether package can be installed
Result: WARN
    Found the following significant warnings:
     WARNING: installation-time patches will not be applied, could not get the patches index
Flavor: r-devel-windows-x86_64-gcc10-UCRT

Version: 1.1-4
Check: PDF version of manual
Result: WARN
    LaTeX errors when creating PDF version.
    This typically indicates Rd problems.
Flavor: r-devel-windows-x86_64-gcc10-UCRT

Version: 1.1-4
Check: PDF version of manual without hyperrefs or index
Result: ERROR
    Re-running with no redirection of stdout/stderr.
Flavor: r-devel-windows-x86_64-gcc10-UCRT