CRAN Package Check Results for Package OwenQ

Last updated on 2021-09-16 06:48:50 CEST.

Flavor Version Tinstall Tcheck Ttotal Status Flags
r-devel-linux-x86_64-debian-clang 1.0.3 72.89 259.85 332.74 NOTE
r-devel-linux-x86_64-debian-gcc 1.0.3 51.32 186.51 237.83 NOTE
r-devel-linux-x86_64-fedora-clang 1.0.3 400.32 NOTE
r-devel-linux-x86_64-fedora-gcc 1.0.3 389.24 NOTE
r-devel-windows-x86_64 1.0.3 61.00 287.00 348.00 NOTE
r-devel-windows-x86_64-gcc10-UCRT 1.0.3 NOTE
r-patched-linux-x86_64 1.0.3 58.03 250.43 308.46 NOTE
r-patched-solaris-x86 1.0.3 397.00 NOTE
r-release-linux-x86_64 1.0.3 57.04 249.53 306.57 NOTE
r-release-macos-arm64 1.0.3 ERROR
r-release-macos-x86_64 1.0.3 NOTE
r-release-windows-ix86+x86_64 1.0.3 160.00 331.00 491.00 NOTE
r-oldrel-macos-x86_64 1.0.3 NOTE
r-oldrel-windows-ix86+x86_64 1.0.3 120.00 319.00 439.00 OK

Additional issues

M1mac

Check Details

Version: 1.0.3
Check: LazyData
Result: NOTE
     'LazyData' is specified without a 'data' directory
Flavors: r-devel-linux-x86_64-debian-clang, r-devel-linux-x86_64-debian-gcc, r-devel-linux-x86_64-fedora-clang, r-devel-linux-x86_64-fedora-gcc, r-devel-windows-x86_64, r-devel-windows-x86_64-gcc10-UCRT, r-patched-linux-x86_64, r-patched-solaris-x86, r-release-linux-x86_64, r-release-macos-arm64, r-release-macos-x86_64, r-release-windows-ix86+x86_64

Version: 1.0.3
Check: installed package size
Result: NOTE
     installed size is 8.8Mb
     sub-directories of 1Mb or more:
     libs 8.3Mb
Flavors: r-devel-linux-x86_64-fedora-clang, r-release-macos-arm64, r-release-macos-x86_64, r-oldrel-macos-x86_64

Version: 1.0.3
Check: tests
Result: ERROR
     Running ‘testthat.R’ [1s/1s]
    Running the tests in ‘tests/testthat.R’ failed.
    Last 13 lines of output:
     OwenQ:::RcppOwenCDF4(1, 3, t2, 1000, delta2, algo) not equal to ptOwen(t2, 1, delta2).
     1/1 mismatches
     [1] 0.151 - 0.151 == -2.78e-17
     ── Failure (test-pOwen_algo2.R:100:3): powen4 - delta1=Inf ─────────────────────
     OwenQ:::RcppOwenCDF4(1, 3, t2, 1000, delta2, algo) not equal to ptOwen(t2, 1, delta2).
     1/1 mismatches
     [1] 0.151 - 0.151 == -2.78e-17
     ── Failure (test-ptOwen.R:24:3): ptOwen = Q2 for R=0 ───────────────────────────
     ptOwen(2, 1, 3) not equal to OwenQ2(1, 2, 3, 0).
     1/1 mismatches
     [1] 0.18 - NaN == NaN
    
     [ FAIL 10 | WARN 0 | SKIP 0 | PASS 285 ]
     Error: Test failures
     Execution halted
Flavor: r-release-macos-arm64