CRAN Package Check Results for Package PBSmodelling

Last updated on 2024-07-19 00:53:25 CEST.

Flavor Version Tinstall Tcheck Ttotal Status Flags
r-devel-linux-x86_64-debian-clang 2.69.3 25.58 133.76 159.34 NOTE
r-devel-linux-x86_64-debian-gcc 2.69.3 17.63 96.87 114.50 NOTE
r-devel-linux-x86_64-fedora-clang 2.69.3 209.53 NOTE
r-devel-linux-x86_64-fedora-gcc 2.69.3 209.28 NOTE
r-devel-windows-x86_64 2.69.3 20.00 123.00 143.00 NOTE
r-patched-linux-x86_64 2.69.3 23.78 125.87 149.65 OK
r-release-linux-x86_64 2.69.3 22.74 128.77 151.51 OK
r-release-macos-arm64 2.69.3 80.00 NOTE
r-release-macos-x86_64 2.69.3 86.00 NOTE
r-release-windows-x86_64 2.69.3 17.00 122.00 139.00 NOTE
r-oldrel-macos-arm64 2.69.3 53.00 NOTE
r-oldrel-macos-x86_64 2.69.3 186.00 NOTE
r-oldrel-windows-x86_64 2.69.3 21.00 138.00 159.00 NOTE

Check Details

Version: 2.69.3
Check: compiled code
Result: NOTE File ‘PBSmodelling/libs/PBSmodelling.so’: Found non-API call to R: ‘SET_TYPEOF’ Compiled code should not call non-API entry points in R. See ‘Writing portable packages’ in the ‘Writing R Extensions’ manual, and section ‘Moving into C API compliance’ for issues with the use of non-API entry points. Flavors: r-devel-linux-x86_64-debian-clang, r-devel-linux-x86_64-debian-gcc, r-devel-linux-x86_64-fedora-clang, r-devel-linux-x86_64-fedora-gcc

Version: 2.69.3
Check: installed package size
Result: NOTE installed size is 5.4Mb sub-directories of 1Mb or more: doc 1.4Mb examples 1.7Mb Flavors: r-devel-linux-x86_64-fedora-clang, r-devel-windows-x86_64, r-release-macos-arm64, r-release-macos-x86_64, r-release-windows-x86_64, r-oldrel-macos-arm64, r-oldrel-macos-x86_64, r-oldrel-windows-x86_64

Version: 2.69.3
Check: compiled code
Result: NOTE File 'PBSmodelling/libs/x64/PBSmodelling.dll': Found non-API call to R: 'SET_TYPEOF' Compiled code should not call non-API entry points in R. See 'Writing portable packages' in the 'Writing R Extensions' manual, and section 'Moving into C API compliance' for issues with the use of non-API entry points. Flavor: r-devel-windows-x86_64