Last updated on 2023-02-04 00:51:00 CET.
Flavor | Version | Tinstall | Tcheck | Ttotal | Status | Flags |
---|---|---|---|---|---|---|
r-devel-linux-x86_64-debian-clang | 0.8.0 | 6.25 | 60.00 | 66.25 | NOTE | |
r-devel-linux-x86_64-debian-gcc | 0.8.0 | 4.13 | 44.37 | 48.50 | NOTE | |
r-devel-linux-x86_64-fedora-clang | 0.8.0 | 84.85 | NOTE | |||
r-devel-linux-x86_64-fedora-gcc | 0.8.0 | 91.38 | NOTE | |||
r-devel-windows-x86_64 | 0.8.0 | 14.00 | 88.00 | 102.00 | NOTE | |
r-patched-linux-x86_64 | 0.8.0 | 6.77 | 56.86 | 63.63 | NOTE | |
r-release-linux-x86_64 | 0.8.0 | 5.76 | 57.44 | 63.20 | NOTE | |
r-release-macos-arm64 | 0.8.0 | 27.00 | NOTE | |||
r-release-macos-x86_64 | 0.8.0 | 48.00 | NOTE | |||
r-release-windows-x86_64 | 0.8.0 | 15.00 | 97.00 | 112.00 | NOTE | |
r-oldrel-macos-arm64 | 0.8.0 | 30.00 | NOTE | |||
r-oldrel-macos-x86_64 | 0.8.0 | 44.00 | NOTE | |||
r-oldrel-windows-ix86+x86_64 | 0.8.0 | 15.00 | 83.00 | 98.00 | NOTE |
Version: 0.8.0
Check: LazyData
Result: NOTE
'LazyData' is specified without a 'data' directory
Flavors: r-devel-linux-x86_64-debian-clang, r-devel-linux-x86_64-debian-gcc, r-devel-linux-x86_64-fedora-clang, r-devel-linux-x86_64-fedora-gcc, r-devel-windows-x86_64, r-patched-linux-x86_64, r-release-linux-x86_64, r-release-macos-arm64, r-release-macos-x86_64, r-release-windows-x86_64, r-oldrel-macos-arm64, r-oldrel-macos-x86_64, r-oldrel-windows-ix86+x86_64
Version: 0.8.0
Check: dependencies in R code
Result: NOTE
Namespaces in Imports field not imported from:
‘Matrix’ ‘pander’
All declared Imports should be used.
Flavors: r-devel-linux-x86_64-fedora-clang, r-devel-linux-x86_64-fedora-gcc, r-release-macos-arm64, r-release-macos-x86_64, r-oldrel-macos-arm64, r-oldrel-macos-x86_64
Version: 0.8.0
Check: Rd cross-references
Result: NOTE
Undeclared packages ‘tibble’, ‘data.table’ in Rd xrefs
Flavor: r-devel-linux-x86_64-fedora-clang