CRAN Package Check Results for Package PCGSE

Last updated on 2021-10-22 12:59:23 CEST.

Flavor Version Tinstall Tcheck Ttotal Status Flags
r-devel-linux-x86_64-debian-clang 0.4 17.51 163.93 181.44 OK
r-devel-linux-x86_64-debian-gcc 0.4 16.13 124.27 140.40 OK
r-devel-linux-x86_64-fedora-clang 0.4 229.16 OK
r-devel-linux-x86_64-fedora-gcc 0.4 212.85 OK
r-devel-windows-x86_64 0.4 26.00 183.00 209.00 OK
r-devel-windows-x86_64-gcc10-UCRT 0.4 OK
r-patched-linux-x86_64 0.4 19.75 157.66 177.41 OK
r-patched-solaris-x86 0.4 310.30 OK
r-release-linux-x86_64 0.4 14.17 154.03 168.20 OK
r-release-macos-arm64 0.4 ERROR
r-release-macos-x86_64 0.4 OK
r-release-windows-ix86+x86_64 0.4 34.00 186.00 220.00 OK
r-oldrel-macos-x86_64 0.4 OK
r-oldrel-windows-ix86+x86_64 0.4 32.00 141.00 173.00 OK

Check Details

Version: 0.4
Check: package dependencies
Result: ERROR
    Package required but not available: ‘safe’
    
    See section ‘The DESCRIPTION file’ in the ‘Writing R Extensions’
    manual.
Flavor: r-release-macos-arm64