CRAN Package Check Results for Package PTXQC

Last updated on 2021-09-23 07:49:52 CEST.

Flavor Version Tinstall Tcheck Ttotal Status Flags
r-devel-linux-x86_64-debian-clang 1.0.10 22.22 222.91 245.13 OK
r-devel-linux-x86_64-debian-gcc 1.0.10 17.40 162.03 179.43 OK
r-devel-linux-x86_64-fedora-clang 1.0.10 291.27 NOTE
r-devel-linux-x86_64-fedora-gcc 1.0.10 273.24 NOTE
r-devel-windows-x86_64 1.0.10 25.00 193.00 218.00 NOTE
r-devel-windows-x86_64-gcc10-UCRT 1.0.10 ERROR
r-patched-linux-x86_64 1.0.10 20.27 205.82 226.09 OK
r-patched-solaris-x86 1.0.10 326.60 NOTE
r-release-linux-x86_64 1.0.10 16.46 204.96 221.42 OK
r-release-macos-arm64 1.0.10 NOTE
r-release-macos-x86_64 1.0.10 NOTE
r-release-windows-ix86+x86_64 1.0.10 40.00 259.00 299.00 NOTE
r-oldrel-macos-x86_64 1.0.10 NOTE
r-oldrel-windows-ix86+x86_64 1.0.10 29.00 187.00 216.00 NOTE

Check Details

Version: 1.0.10
Check: installed package size
Result: NOTE
     installed size is 8.1Mb
     sub-directories of 1Mb or more:
     R 1.0Mb
     doc 4.0Mb
     examples 2.6Mb
Flavors: r-devel-linux-x86_64-fedora-clang, r-devel-windows-x86_64, r-patched-solaris-x86, r-release-macos-arm64, r-release-macos-x86_64, r-release-windows-ix86+x86_64, r-oldrel-macos-x86_64, r-oldrel-windows-ix86+x86_64

Version: 1.0.10
Check: dependencies in R code
Result: NOTE
    Namespace in Imports field not imported from: ‘jsonlite’
     All declared Imports should be used.
Flavors: r-devel-linux-x86_64-fedora-clang, r-devel-linux-x86_64-fedora-gcc, r-patched-solaris-x86, r-release-macos-arm64, r-release-macos-x86_64, r-oldrel-macos-x86_64

Version: 1.0.10
Check: package dependencies
Result: ERROR
    Package required but not available: 'kableExtra'
    
    See section 'The DESCRIPTION file' in the 'Writing R Extensions'
    manual.
Flavor: r-devel-windows-x86_64-gcc10-UCRT