CRAN Package Check Results for Package PetfindeR

Last updated on 2023-06-01 02:53:56 CEST.

Flavor Version Tinstall Tcheck Ttotal Status Flags
r-devel-linux-x86_64-debian-clang 2.1.0 3.04 25.07 28.11 NOTE
r-devel-linux-x86_64-debian-gcc 2.1.0 2.39 20.16 22.55 NOTE
r-devel-linux-x86_64-fedora-clang 2.1.0 37.08 NOTE
r-devel-linux-x86_64-fedora-gcc 2.1.0 49.58 NOTE
r-devel-windows-x86_64 2.1.0 4.00 44.00 48.00 NOTE
r-patched-linux-x86_64 2.1.0 NOTE
r-release-linux-x86_64 2.1.0 2.89 24.68 27.57 NOTE
r-release-macos-arm64 2.1.0 22.00 NOTE
r-release-macos-x86_64 2.1.0 32.00 NOTE
r-release-windows-x86_64 2.1.0 5.00 43.00 48.00 NOTE
r-oldrel-macos-arm64 2.1.0 20.00 NOTE
r-oldrel-macos-x86_64 2.1.0 24.00 NOTE
r-oldrel-windows-x86_64 2.1.0 5.00 47.00 52.00 NOTE

Check Details

Version: 2.1.0
Check: LazyData
Result: NOTE
     'LazyData' is specified without a 'data' directory
Flavors: r-devel-linux-x86_64-debian-clang, r-devel-linux-x86_64-debian-gcc, r-devel-linux-x86_64-fedora-clang, r-devel-linux-x86_64-fedora-gcc, r-devel-windows-x86_64, r-patched-linux-x86_64, r-release-linux-x86_64, r-release-macos-arm64, r-release-macos-x86_64, r-release-windows-x86_64, r-oldrel-macos-arm64, r-oldrel-macos-x86_64, r-oldrel-windows-x86_64

Version: 2.1.0
Check: dependencies in R code
Result: NOTE
    Namespace in Imports field not imported from: ‘R6’
     All declared Imports should be used.
Flavors: r-devel-linux-x86_64-fedora-clang, r-devel-linux-x86_64-fedora-gcc, r-oldrel-macos-x86_64