CRAN Package Check Results for Package PoisNonNor

Last updated on 2021-09-20 07:50:52 CEST.

Flavor Version Tinstall Tcheck Ttotal Status Flags
r-devel-linux-x86_64-debian-clang 1.6.3 7.18 60.78 67.96 OK
r-devel-linux-x86_64-debian-gcc 1.6.3 6.51 47.23 53.74 OK
r-devel-linux-x86_64-fedora-clang 1.6.3 99.39 OK
r-devel-linux-x86_64-fedora-gcc 1.6.3 80.33 OK
r-devel-windows-x86_64 1.6.3 9.00 60.00 69.00 OK
r-devel-windows-x86_64-gcc10-UCRT 1.6.3 ERROR
r-patched-linux-x86_64 1.6.3 7.28 58.88 66.16 OK
r-patched-solaris-x86 1.6.3 125.80 OK
r-release-linux-x86_64 1.6.3 8.01 59.10 67.11 OK
r-release-macos-arm64 1.6.3 OK
r-release-macos-x86_64 1.6.3 OK
r-release-windows-ix86+x86_64 1.6.3 23.00 86.00 109.00 OK
r-oldrel-macos-x86_64 1.6.3 OK
r-oldrel-windows-ix86+x86_64 1.6.3 17.00 58.00 75.00 OK

Check Details

Version: 1.6.3
Check: whether package can be installed
Result: WARN
    Found the following significant warnings:
     WARNING: installation-time patches will not be applied, could not get the patches index
Flavor: r-devel-windows-x86_64-gcc10-UCRT

Version: 1.6.3
Check: PDF version of manual
Result: WARN
    LaTeX errors when creating PDF version.
    This typically indicates Rd problems.
Flavor: r-devel-windows-x86_64-gcc10-UCRT

Version: 1.6.3
Check: PDF version of manual without hyperrefs or index
Result: ERROR
    Re-running with no redirection of stdout/stderr.
Flavor: r-devel-windows-x86_64-gcc10-UCRT