CRAN Package Check Results for Package PortfolioOptim

Last updated on 2021-09-19 06:49:17 CEST.

Flavor Version Tinstall Tcheck Ttotal Status Flags
r-devel-linux-x86_64-debian-clang 1.1.1 2.66 27.68 30.34 NOTE
r-devel-linux-x86_64-debian-gcc 1.1.1 2.10 21.90 24.00 NOTE
r-devel-linux-x86_64-fedora-clang 1.1.1 47.55 NOTE
r-devel-linux-x86_64-fedora-gcc 1.1.1 35.06 NOTE
r-devel-windows-x86_64 1.1.1 3.00 56.00 59.00 NOTE
r-devel-windows-x86_64-gcc10-UCRT 1.1.1 ERROR
r-patched-linux-x86_64 1.1.1 2.52 27.17 29.69 NOTE
r-release-linux-x86_64 1.1.1 2.49 27.24 29.73 NOTE
r-release-macos-arm64 1.1.1 NOTE
r-release-macos-x86_64 1.1.1 NOTE
r-release-windows-ix86+x86_64 1.1.1 6.00 44.00 50.00 NOTE
r-oldrel-macos-x86_64 1.1.1 OK
r-oldrel-windows-ix86+x86_64 1.1.1 6.00 33.00 39.00 OK

Check Details

Version: 1.1.1
Check: LazyData
Result: NOTE
     'LazyData' is specified without a 'data' directory
Flavors: r-devel-linux-x86_64-debian-clang, r-devel-linux-x86_64-debian-gcc, r-devel-linux-x86_64-fedora-clang, r-devel-linux-x86_64-fedora-gcc, r-devel-windows-x86_64, r-devel-windows-x86_64-gcc10-UCRT, r-patched-linux-x86_64, r-release-linux-x86_64, r-release-macos-arm64, r-release-macos-x86_64, r-release-windows-ix86+x86_64

Version: 1.1.1
Check: whether package can be installed
Result: WARN
    Found the following significant warnings:
     WARNING: installation-time patches will not be applied, could not get the patches index
Flavor: r-devel-windows-x86_64-gcc10-UCRT

Version: 1.1.1
Check: PDF version of manual
Result: WARN
    LaTeX errors when creating PDF version.
    This typically indicates Rd problems.
Flavor: r-devel-windows-x86_64-gcc10-UCRT

Version: 1.1.1
Check: PDF version of manual without hyperrefs or index
Result: ERROR
    Re-running with no redirection of stdout/stderr.
Flavor: r-devel-windows-x86_64-gcc10-UCRT