CRAN Package Check Results for Package PrevMap

Last updated on 2021-10-16 06:48:21 CEST.

Flavor Version Tinstall Tcheck Ttotal Status Flags
r-devel-linux-x86_64-debian-clang 1.5.4 48.52 324.90 373.42 NOTE
r-devel-linux-x86_64-debian-gcc 1.5.4 40.56 243.64 284.20 NOTE
r-devel-linux-x86_64-fedora-clang 1.5.4 292.28 OK
r-devel-linux-x86_64-fedora-gcc 1.5.4 280.28 OK
r-devel-windows-x86_64 1.5.4 37.00 153.00 190.00 OK
r-devel-windows-x86_64-gcc10-UCRT 1.5.4 NOTE
r-patched-linux-x86_64 1.5.4 49.50 317.17 366.67 NOTE
r-patched-solaris-x86 1.5.4 346.80 NOTE
r-release-linux-x86_64 1.5.4 45.79 319.87 365.66 NOTE
r-release-macos-arm64 1.5.3 NOTE
r-release-macos-x86_64 1.5.4 NOTE
r-release-windows-ix86+x86_64 1.5.4 64.00 216.00 280.00 OK
r-oldrel-macos-x86_64 1.5.4 NOTE
r-oldrel-windows-ix86+x86_64 1.5.3 60.00 252.00 312.00 OK

Check Details

Version: 1.5.4
Check: package dependencies
Result: NOTE
    Package suggested but not available for checking: 'INLA'
Flavors: r-devel-linux-x86_64-debian-clang, r-devel-linux-x86_64-debian-gcc, r-devel-windows-x86_64-gcc10-UCRT, r-patched-linux-x86_64, r-patched-solaris-x86, r-release-linux-x86_64, r-release-macos-x86_64, r-oldrel-macos-x86_64

Version: 1.5.3
Check: package dependencies
Result: NOTE
    Package suggested but not available for checking: ‘INLA’
Flavor: r-release-macos-arm64