CRAN Package Check Results for Package PublicationBias

Last updated on 2021-09-20 07:50:54 CEST.

Flavor Version Tinstall Tcheck Ttotal Status Flags
r-devel-linux-x86_64-debian-clang 2.2.0 9.66 91.25 100.91 NOTE
r-devel-linux-x86_64-debian-gcc 2.2.0 8.14 67.27 75.41 NOTE
r-devel-linux-x86_64-fedora-clang 2.2.0 128.02 NOTE
r-devel-linux-x86_64-fedora-gcc 2.2.0 116.39 NOTE
r-devel-windows-x86_64 2.2.0 9.00 81.00 90.00 NOTE
r-devel-windows-x86_64-gcc10-UCRT 2.2.0 ERROR
r-patched-linux-x86_64 2.2.0 8.38 85.18 93.56 NOTE
r-patched-solaris-x86 2.2.0 168.20 NOTE
r-release-linux-x86_64 2.2.0 9.78 84.91 94.69 NOTE
r-release-macos-arm64 2.2.0 NOTE
r-release-macos-x86_64 2.2.0 NOTE
r-release-windows-ix86+x86_64 2.2.0 23.00 112.00 135.00 NOTE
r-oldrel-macos-x86_64 2.2.0 NOTE
r-oldrel-windows-ix86+x86_64 2.2.0 25.00 79.00 104.00 OK

Check Details

Version: 2.2.0
Check: LazyData
Result: NOTE
     'LazyData' is specified without a 'data' directory
Flavors: r-devel-linux-x86_64-debian-clang, r-devel-linux-x86_64-debian-gcc, r-devel-linux-x86_64-fedora-clang, r-devel-linux-x86_64-fedora-gcc, r-devel-windows-x86_64, r-devel-windows-x86_64-gcc10-UCRT, r-patched-linux-x86_64, r-patched-solaris-x86, r-release-linux-x86_64, r-release-macos-arm64, r-release-macos-x86_64, r-release-windows-ix86+x86_64

Version: 2.2.0
Check: dependencies in R code
Result: NOTE
    Namespace in Imports field not imported from: ‘Rdpack’
     All declared Imports should be used.
Flavors: r-devel-linux-x86_64-fedora-clang, r-devel-linux-x86_64-fedora-gcc, r-devel-windows-x86_64-gcc10-UCRT, r-patched-solaris-x86, r-release-macos-arm64, r-release-macos-x86_64, r-oldrel-macos-x86_64

Version: 2.2.0
Check: whether package can be installed
Result: WARN
    Found the following significant warnings:
     WARNING: installation-time patches will not be applied, could not get the patches index
Flavor: r-devel-windows-x86_64-gcc10-UCRT

Version: 2.2.0
Check: PDF version of manual
Result: WARN
    LaTeX errors when creating PDF version.
    This typically indicates Rd problems.
Flavor: r-devel-windows-x86_64-gcc10-UCRT

Version: 2.2.0
Check: PDF version of manual without hyperrefs or index
Result: ERROR
    Re-running with no redirection of stdout/stderr.
Flavor: r-devel-windows-x86_64-gcc10-UCRT