CRAN Package Check Results for Package Qtools

Last updated on 2021-09-18 09:53:34 CEST.

Flavor Version Tinstall Tcheck Ttotal Status Flags
r-devel-linux-x86_64-debian-clang 1.5.5 39.28 128.15 167.43 OK
r-devel-linux-x86_64-debian-gcc 1.5.5 28.44 94.83 123.27 OK
r-devel-linux-x86_64-fedora-clang 1.5.5 212.61 OK
r-devel-linux-x86_64-fedora-gcc 1.5.5 199.17 OK
r-devel-windows-x86_64 1.5.5 41.00 162.00 203.00 OK
r-devel-windows-x86_64-gcc10-UCRT 1.5.5 OK
r-patched-linux-x86_64 1.5.5 39.72 120.94 160.66 OK
r-patched-solaris-x86 1.5.5 237.50 WARN
r-release-linux-x86_64 1.5.5 34.56 122.17 156.73 OK
r-release-macos-arm64 1.5.5 WARN
r-release-macos-x86_64 1.5.5 WARN
r-release-windows-ix86+x86_64 1.5.5 86.00 195.00 281.00 OK
r-oldrel-macos-x86_64 1.5.5 WARN
r-oldrel-windows-ix86+x86_64 1.5.5 87.00 203.00 290.00 OK

Check Details

Version: 1.5.5
Check: re-building of vignette outputs
Result: WARN
    Error(s) in re-building vignettes:
     ...
    --- re-building ‘Qtools.Rmd’ using rmarkdown
    Warning in engine$weave(file, quiet = quiet, encoding = enc) :
     Pandoc (>= 1.12.3) not available. Falling back to R Markdown v1.
    Quitting from lines 124-146 (Qtools.Rmd)
    Error: processing vignette 'Qtools.Rmd' failed with diagnostics:
    argument is of length zero
    --- failed re-building ‘Qtools.Rmd’
    
    SUMMARY: processing the following file failed:
     ‘Qtools.Rmd’
    
    Error: Vignette re-building failed.
    Execution halted
Flavors: r-patched-solaris-x86, r-release-macos-x86_64, r-oldrel-macos-x86_64

Version: 1.5.5
Check: re-building of vignette outputs
Result: WARN
    Error(s) in re-building vignettes:
     ...
    --- re-building ‘Qtools.Rmd’ using rmarkdown
    Pandoc is required to build R Markdown vignettes but not available. Please make sure it is installed.
    Quitting from lines 124-146 (Qtools.Rmd)
    Error: processing vignette 'Qtools.Rmd' failed with diagnostics:
    argument is of length zero
    --- failed re-building ‘Qtools.Rmd’
    
    SUMMARY: processing the following file failed:
     ‘Qtools.Rmd’
    
    Error: Vignette re-building failed.
    Execution halted
Flavor: r-release-macos-arm64