CRAN Package Check Results for Package RBMRB

Last updated on 2021-09-20 07:50:55 CEST.

Flavor Version Tinstall Tcheck Ttotal Status Flags
r-devel-linux-x86_64-debian-clang 2.1.7 8.06 59.79 67.85 OK
r-devel-linux-x86_64-debian-gcc 2.1.7 6.71 45.16 51.87 OK
r-devel-linux-x86_64-fedora-clang 2.1.7 89.59 OK
r-devel-linux-x86_64-fedora-gcc 2.1.7 76.19 OK
r-devel-windows-x86_64 2.1.7 11.00 66.00 77.00 OK
r-devel-windows-x86_64-gcc10-UCRT 2.1.7 ERROR
r-patched-linux-x86_64 2.1.7 7.09 56.14 63.23 OK
r-patched-solaris-x86 2.1.7 107.60 OK
r-release-linux-x86_64 2.1.7 6.78 56.08 62.86 OK
r-release-macos-arm64 2.1.7 OK
r-release-macos-x86_64 2.1.7 OK
r-release-windows-ix86+x86_64 2.1.7 18.00 86.00 104.00 OK
r-oldrel-macos-x86_64 2.1.7 OK
r-oldrel-windows-ix86+x86_64 2.1.7 18.00 63.00 81.00 OK

Check Details

Version: 2.1.7
Check: whether package can be installed
Result: WARN
    Found the following significant warnings:
     WARNING: installation-time patches will not be applied, could not get the patches index
Flavor: r-devel-windows-x86_64-gcc10-UCRT

Version: 2.1.7
Check: PDF version of manual
Result: WARN
    LaTeX errors when creating PDF version.
    This typically indicates Rd problems.
Flavor: r-devel-windows-x86_64-gcc10-UCRT

Version: 2.1.7
Check: PDF version of manual without hyperrefs or index
Result: ERROR
    Re-running with no redirection of stdout/stderr.
Flavor: r-devel-windows-x86_64-gcc10-UCRT