CRAN Package Check Results for Package RGCxGC

Last updated on 2021-10-22 12:59:26 CEST.

Flavor Version Tinstall Tcheck Ttotal Status Flags
r-devel-linux-x86_64-debian-clang 1.1-2 16.38 213.92 230.30 OK
r-devel-linux-x86_64-debian-gcc 1.1-2 13.29 151.35 164.64 OK
r-devel-linux-x86_64-fedora-clang 1.1-2 277.36 NOTE
r-devel-linux-x86_64-fedora-gcc 1.1-2 265.99 OK
r-devel-windows-x86_64 1.1-2 27.00 262.00 289.00 NOTE
r-devel-windows-x86_64-gcc10-UCRT 1.1-2 ERROR
r-patched-linux-x86_64 1.1-2 18.08 206.07 224.15 OK
r-patched-solaris-x86 1.1-2 279.60 NOTE
r-release-linux-x86_64 1.1-2 15.98 205.48 221.46 OK
r-release-macos-arm64 1.1-2 NOTE
r-release-macos-x86_64 1.1-2 NOTE
r-release-windows-ix86+x86_64 1.1-2 26.00 263.00 289.00 NOTE
r-oldrel-macos-x86_64 1.1-2 NOTE
r-oldrel-windows-ix86+x86_64 1.1-2 43.00 267.00 310.00 NOTE

Check Details

Version: 1.1-2
Check: installed package size
Result: NOTE
     installed size is 7.2Mb
     sub-directories of 1Mb or more:
     data 1.9Mb
     doc 2.2Mb
     extdata 2.7Mb
Flavors: r-devel-linux-x86_64-fedora-clang, r-devel-windows-x86_64, r-patched-solaris-x86, r-release-macos-arm64, r-release-macos-x86_64, r-release-windows-ix86+x86_64, r-oldrel-macos-x86_64, r-oldrel-windows-ix86+x86_64

Version: 1.1-2
Check: package dependencies
Result: ERROR
    Package required but not available: 'mixOmics'
    
    See section 'The DESCRIPTION file' in the 'Writing R Extensions'
    manual.
Flavor: r-devel-windows-x86_64-gcc10-UCRT