CRAN Package Check Results for Package RGreenplum

Last updated on 2021-09-17 06:48:55 CEST.

Flavor Version Tinstall Tcheck Ttotal Status Flags
r-devel-linux-x86_64-debian-clang 0.1.2 6.15 40.55 46.70 NOTE
r-devel-linux-x86_64-debian-gcc 0.1.2 4.48 30.91 35.39 NOTE
r-devel-linux-x86_64-fedora-clang 0.1.2 64.58 NOTE
r-devel-linux-x86_64-fedora-gcc 0.1.2 53.22 NOTE
r-devel-windows-x86_64 0.1.2 8.00 61.00 69.00 NOTE
r-devel-windows-x86_64-gcc10-UCRT 0.1.2 NOTE
r-patched-linux-x86_64 0.1.2 5.69 38.80 44.49 NOTE
r-patched-solaris-x86 0.1.2 79.80 NOTE
r-release-linux-x86_64 0.1.2 5.16 38.33 43.49 NOTE
r-release-macos-arm64 0.1.2 NOTE
r-release-macos-x86_64 0.1.2 NOTE
r-release-windows-ix86+x86_64 0.1.2 14.00 60.00 74.00 NOTE
r-oldrel-macos-x86_64 0.1.2 OK
r-oldrel-windows-ix86+x86_64 0.1.2 10.00 58.00 68.00 OK

Check Details

Version: 0.1.2
Check: LazyData
Result: NOTE
     'LazyData' is specified without a 'data' directory
Flavors: r-devel-linux-x86_64-debian-clang, r-devel-linux-x86_64-debian-gcc, r-devel-linux-x86_64-fedora-clang, r-devel-linux-x86_64-fedora-gcc, r-devel-windows-x86_64, r-devel-windows-x86_64-gcc10-UCRT, r-patched-linux-x86_64, r-patched-solaris-x86, r-release-linux-x86_64, r-release-macos-arm64, r-release-macos-x86_64, r-release-windows-ix86+x86_64