CRAN Package Check Results for Package RJcluster

Last updated on 2021-09-25 06:49:31 CEST.

Flavor Version Tinstall Tcheck Ttotal Status Flags
r-devel-linux-x86_64-debian-clang 3.2.2 123.89 49.46 173.35 OK
r-devel-linux-x86_64-debian-gcc 3.2.2 78.34 37.40 115.74 OK
r-devel-linux-x86_64-fedora-clang 3.2.2 253.43 OK
r-devel-linux-x86_64-fedora-gcc 3.2.2 220.95 OK
r-devel-windows-x86_64 3.2.2 116.00 67.00 183.00 OK
r-devel-windows-x86_64-gcc10-UCRT 3.2.2 OK
r-patched-linux-x86_64 3.2.2 104.36 47.06 151.42 OK
r-patched-solaris-x86 3.2.2 201.10 OK
r-release-linux-x86_64 3.2.2 102.13 47.67 149.80 OK
r-release-macos-arm64 3.2.2 NOTE
r-release-macos-x86_64 3.2.2 OK
r-release-windows-ix86+x86_64 3.2.2 283.00 100.00 383.00 OK
r-oldrel-macos-x86_64 3.2.2 OK
r-oldrel-windows-ix86+x86_64 3.2.2 213.00 77.00 290.00 OK

Check Details

Version: 3.2.2
Check: installed package size
Result: NOTE
     installed size is 5.3Mb
     sub-directories of 1Mb or more:
     libs 5.0Mb
Flavor: r-release-macos-arm64