CRAN Package Check Results for Package RLT

Last updated on 2021-09-22 06:48:45 CEST.

Flavor Version Tinstall Tcheck Ttotal Status Flags
r-devel-linux-x86_64-debian-clang 3.2.3 9.36 25.59 34.95 OK
r-devel-linux-x86_64-debian-gcc 3.2.3 6.44 19.87 26.31 OK
r-devel-linux-x86_64-fedora-clang 3.2.3 52.36 OK
r-devel-linux-x86_64-fedora-gcc 3.2.3 41.34 OK
r-devel-windows-x86_64 3.2.3 13.00 33.00 46.00 OK
r-devel-windows-x86_64-gcc10-UCRT 3.2.3 ERROR
r-patched-linux-x86_64 3.2.3 8.05 24.33 32.38 OK
r-patched-solaris-x86 3.2.3 77.60 OK
r-release-linux-x86_64 3.2.3 7.87 24.39 32.26 OK
r-release-macos-arm64 3.2.3 OK
r-release-macos-x86_64 3.2.3 OK
r-release-windows-ix86+x86_64 3.2.3 24.00 50.00 74.00 OK
r-oldrel-macos-x86_64 3.2.3 OK
r-oldrel-windows-ix86+x86_64 3.2.3 25.00 44.00 69.00 OK

Check Details

Version: 3.2.3
Check: whether package can be installed
Result: ERROR
    Installation failed.
Flavor: r-devel-windows-x86_64-gcc10-UCRT