CRAN Package Check Results for Package RLumShiny

Last updated on 2021-10-16 06:48:23 CEST.

Flavor Version Tinstall Tcheck Ttotal Status Flags
r-devel-linux-x86_64-debian-clang 0.2.2 24.08 220.12 244.20 OK
r-devel-linux-x86_64-debian-gcc 0.2.2 21.33 161.28 182.61 OK
r-devel-linux-x86_64-fedora-clang 0.2.2 134.61 NOTE
r-devel-linux-x86_64-fedora-gcc 0.2.2 116.58 NOTE
r-devel-windows-x86_64 0.2.2 18.00 78.00 96.00 OK
r-devel-windows-x86_64-gcc10-UCRT 0.2.2 NOTE
r-patched-linux-x86_64 0.2.2 29.12 209.43 238.55 OK
r-patched-solaris-x86 0.2.2 171.20 NOTE
r-release-linux-x86_64 0.2.2 21.82 208.63 230.45 OK
r-release-macos-arm64 0.2.2 NOTE
r-release-macos-x86_64 0.2.2 NOTE
r-release-windows-ix86+x86_64 0.2.2 28.00 114.00 142.00 OK
r-oldrel-macos-x86_64 0.2.2 NOTE
r-oldrel-windows-ix86+x86_64 0.2.2 27.00 118.00 145.00 OK

Check Details

Version: 0.2.2
Check: dependencies in R code
Result: NOTE
    Namespaces in Imports field not imported from:
     ‘RCarb’ ‘rmarkdown’ ‘shinyjs’
     All declared Imports should be used.
Flavors: r-devel-linux-x86_64-fedora-clang, r-devel-linux-x86_64-fedora-gcc, r-devel-windows-x86_64-gcc10-UCRT, r-patched-solaris-x86, r-release-macos-arm64, r-release-macos-x86_64, r-oldrel-macos-x86_64