CRAN Package Check Results for Package RMTstat

Last updated on 2021-09-18 09:53:36 CEST.

Flavor Version Tinstall Tcheck Ttotal Status Flags
r-devel-linux-x86_64-debian-clang 0.3 2.32 24.08 26.40 NOTE
r-devel-linux-x86_64-debian-gcc 0.3 1.78 18.77 20.55 NOTE
r-devel-linux-x86_64-fedora-clang 0.3 41.18 NOTE
r-devel-linux-x86_64-fedora-gcc 0.3 30.18 NOTE
r-devel-windows-x86_64 0.3 8.00 38.00 46.00 NOTE
r-devel-windows-x86_64-gcc10-UCRT 0.3 NOTE
r-patched-linux-x86_64 0.3 2.47 23.62 26.09 NOTE
r-patched-solaris-x86 0.3 47.70 NOTE
r-release-linux-x86_64 0.3 2.34 23.47 25.81 NOTE
r-release-macos-arm64 0.3 NOTE
r-release-macos-x86_64 0.3 NOTE
r-release-windows-ix86+x86_64 0.3 5.00 35.00 40.00 NOTE
r-oldrel-macos-x86_64 0.3 NOTE
r-oldrel-windows-ix86+x86_64 0.3 4.00 33.00 37.00 NOTE

Check Details

Version: 0.3
Check: R code for possible problems
Result: NOTE
    dWishartSpike: no visible global function definition for 'dnorm'
    pWishartSpike: no visible global function definition for 'pnorm'
    qWishartSpike: no visible global function definition for 'qnorm'
    rWishartSpike: no visible global function definition for 'qnorm'
    rmp: no visible global function definition for 'runif'
    rtw: no visible global function definition for 'runif'
    Undefined global functions or variables:
     dnorm pnorm qnorm runif
    Consider adding
     importFrom("stats", "dnorm", "pnorm", "qnorm", "runif")
    to your NAMESPACE file.
Flavors: r-devel-linux-x86_64-debian-clang, r-devel-linux-x86_64-debian-gcc, r-devel-linux-x86_64-fedora-clang, r-devel-linux-x86_64-fedora-gcc, r-devel-windows-x86_64, r-devel-windows-x86_64-gcc10-UCRT, r-patched-linux-x86_64, r-patched-solaris-x86, r-release-linux-x86_64, r-release-macos-arm64, r-release-macos-x86_64, r-release-windows-ix86+x86_64, r-oldrel-macos-x86_64, r-oldrel-windows-ix86+x86_64