CRAN Package Check Results for Package RNiftyReg

Last updated on 2021-09-21 06:48:47 CEST.

Flavor Version Tinstall Tcheck Ttotal Status Flags
r-devel-linux-x86_64-debian-clang 2.7.0 530.44 55.61 586.05 OK
r-devel-linux-x86_64-debian-gcc 2.7.0 358.50 51.34 409.84 OK
r-devel-linux-x86_64-fedora-clang 2.7.0 901.77 NOTE
r-devel-linux-x86_64-fedora-gcc 2.7.0 780.28 OK
r-devel-windows-x86_64 2.7.0 451.00 68.00 519.00 NOTE
r-devel-windows-x86_64-gcc10-UCRT 2.7.0 ERROR
r-patched-linux-x86_64 2.7.0 426.25 59.76 486.01 OK
r-patched-solaris-x86 2.7.0 603.40 OK
r-release-linux-x86_64 2.7.0 432.96 58.18 491.14 OK
r-release-macos-arm64 2.7.0 NOTE
r-release-macos-x86_64 2.7.0 NOTE
r-release-windows-ix86+x86_64 2.7.0 1231.00 130.00 1361.00 NOTE
r-oldrel-macos-x86_64 2.7.0 NOTE
r-oldrel-windows-ix86+x86_64 2.7.0 1211.00 98.00 1309.00 NOTE

Check Details

Version: 2.7.0
Check: installed package size
Result: NOTE
     installed size is 88.7Mb
     sub-directories of 1Mb or more:
     extdata 2.0Mb
     libs 86.6Mb
Flavors: r-devel-linux-x86_64-fedora-clang, r-devel-windows-x86_64, r-release-macos-arm64, r-release-macos-x86_64, r-release-windows-ix86+x86_64, r-oldrel-macos-x86_64, r-oldrel-windows-ix86+x86_64

Version: 2.7.0
Check: whether package can be installed
Result: ERROR
    Installation failed.
Flavor: r-devel-windows-x86_64-gcc10-UCRT