CRAN Package Check Results for Package ROI.plugin.clp

Last updated on 2021-09-20 07:50:58 CEST.

Flavor Version Tinstall Tcheck Ttotal Status Flags
r-devel-linux-x86_64-debian-clang 0.4 7.21 52.52 59.73 OK
r-devel-linux-x86_64-debian-gcc 0.4 5.10 39.25 44.35 OK
r-devel-linux-x86_64-fedora-clang 0.4 78.01 OK
r-devel-linux-x86_64-fedora-gcc 0.4 113.55 OK
r-devel-windows-x86_64 0.4 9.00 48.00 57.00 OK
r-devel-windows-x86_64-gcc10-UCRT 0.4 ERROR
r-patched-linux-x86_64 0.4 7.78 49.14 56.92 OK
r-patched-solaris-x86 0.4 101.30 OK
r-release-linux-x86_64 0.4 7.18 48.95 56.13 OK
r-release-macos-arm64 0.4 ERROR
r-release-macos-x86_64 0.4 ERROR
r-release-windows-ix86+x86_64 0.4 16.00 64.00 80.00 OK
r-oldrel-macos-x86_64 0.4 ERROR
r-oldrel-windows-ix86+x86_64 0.4 16.00 43.00 59.00 OK

Check Details

Version: 0.4
Check: whether package can be installed
Result: WARN
    Found the following significant warnings:
     WARNING: installation-time patches will not be applied, could not get the patches index
Flavor: r-devel-windows-x86_64-gcc10-UCRT

Version: 0.4
Check: PDF version of manual
Result: WARN
    LaTeX errors when creating PDF version.
    This typically indicates Rd problems.
Flavor: r-devel-windows-x86_64-gcc10-UCRT

Version: 0.4
Check: PDF version of manual without hyperrefs or index
Result: ERROR
    Re-running with no redirection of stdout/stderr.
Flavor: r-devel-windows-x86_64-gcc10-UCRT

Version: 0.4
Check: package dependencies
Result: ERROR
    Package required but not available: ‘clpAPI’
    
    See section ‘The DESCRIPTION file’ in the ‘Writing R Extensions’
    manual.
Flavors: r-release-macos-arm64, r-release-macos-x86_64, r-oldrel-macos-x86_64