CRAN Package Check Results for Package RPPASPACE

Last updated on 2021-10-21 11:53:15 CEST.

Flavor Version Tinstall Tcheck Ttotal Status Flags
r-devel-linux-x86_64-debian-clang 1.0.7 15.00 113.26 128.26 OK
r-devel-linux-x86_64-debian-gcc 1.0.7 14.21 87.41 101.62 OK
r-devel-linux-x86_64-fedora-clang 1.0.8 175.08 NOTE
r-devel-linux-x86_64-fedora-gcc 1.0.8 166.58 NOTE
r-devel-windows-x86_64 1.0.7 27.00 145.00 172.00 OK
r-devel-windows-x86_64-gcc10-UCRT 1.0.7 ERROR
r-patched-linux-x86_64 1.0.7 18.22 110.37 128.59 OK
r-patched-solaris-x86 1.0.8 200.90 NOTE
r-release-linux-x86_64 1.0.7 15.84 108.64 124.48 OK
r-release-macos-arm64 1.0.7 OK
r-release-macos-x86_64 1.0.7 OK
r-release-windows-ix86+x86_64 1.0.7 25.00 135.00 160.00 OK
r-oldrel-macos-x86_64 1.0.7 OK
r-oldrel-windows-ix86+x86_64 1.0.7 32.00 144.00 176.00 OK

Check Details

Version: 1.0.8
Check: dependencies in R code
Result: NOTE
    Namespaces in Imports field not imported from:
     ‘SparseM’ ‘nlme’ ‘timeDate’
     All declared Imports should be used.
Flavors: r-devel-linux-x86_64-fedora-clang, r-devel-linux-x86_64-fedora-gcc, r-patched-solaris-x86

Version: 1.0.7
Check: package dependencies
Result: ERROR
    Package required but not available: 'imager'
    
    See section 'The DESCRIPTION file' in the 'Writing R Extensions'
    manual.
Flavor: r-devel-windows-x86_64-gcc10-UCRT