CRAN Package Check Results for Package RPPanalyzer

Last updated on 2021-09-25 06:49:32 CEST.

Flavor Version Tinstall Tcheck Ttotal Status Flags
r-devel-linux-x86_64-debian-clang 1.4.7 17.37 163.56 180.93 OK
r-devel-linux-x86_64-debian-gcc 1.4.7 16.47 122.36 138.83 OK
r-devel-linux-x86_64-fedora-clang 1.4.7 219.86 NOTE
r-devel-linux-x86_64-fedora-gcc 1.4.7 206.84 OK
r-devel-windows-x86_64 1.4.7 21.00 149.00 170.00 NOTE
r-devel-windows-x86_64-gcc10-UCRT 1.4.7 OK
r-patched-linux-x86_64 1.4.7 17.56 152.31 169.87 OK
r-patched-solaris-x86 1.4.7 294.70 NOTE
r-release-linux-x86_64 1.4.7 17.11 153.60 170.71 OK
r-release-macos-arm64 1.4.7 NOTE
r-release-macos-x86_64 1.4.7 NOTE
r-release-windows-ix86+x86_64 1.4.7 44.00 192.00 236.00 NOTE
r-oldrel-macos-x86_64 1.4.7 NOTE
r-oldrel-windows-ix86+x86_64 1.4.7 31.00 146.00 177.00 NOTE

Check Details

Version: 1.4.7
Check: installed package size
Result: NOTE
     installed size is 5.4Mb
     sub-directories of 1Mb or more:
     extdata 4.5Mb
Flavors: r-devel-linux-x86_64-fedora-clang, r-devel-windows-x86_64, r-patched-solaris-x86, r-release-macos-arm64, r-release-macos-x86_64, r-release-windows-ix86+x86_64, r-oldrel-macos-x86_64, r-oldrel-windows-ix86+x86_64